Last updated on 2023-01-30 01:53:42 CET.
Flavor | Version | Tinstall | Tcheck | Ttotal | Status | Flags |
---|---|---|---|---|---|---|
r-devel-linux-x86_64-debian-clang | 1.6.0 | 15.23 | 174.30 | 189.53 | OK | |
r-devel-linux-x86_64-debian-gcc | 1.6.0 | 12.99 | 127.45 | 140.44 | OK | |
r-devel-linux-x86_64-fedora-clang | 1.6.0 | 241.37 | NOTE | |||
r-devel-linux-x86_64-fedora-gcc | 1.6.0 | 236.28 | NOTE | |||
r-devel-windows-x86_64 | 1.6.0 | 52.00 | 222.00 | 274.00 | OK | |
r-patched-linux-x86_64 | 1.6.0 | 21.20 | 163.97 | 185.17 | OK | |
r-release-linux-x86_64 | 1.6.0 | 16.45 | 160.23 | 176.68 | OK | |
r-release-macos-arm64 | 1.6.0 | 70.00 | NOTE | |||
r-release-macos-x86_64 | 1.6.0 | 113.00 | NOTE | |||
r-release-windows-x86_64 | 1.6.0 | 45.00 | 210.00 | 255.00 | OK | |
r-oldrel-macos-arm64 | 1.6.0 | 60.00 | NOTE | |||
r-oldrel-macos-x86_64 | 1.6.0 | 103.00 | NOTE | |||
r-oldrel-windows-ix86+x86_64 | 1.6.0 | 37.00 | 190.00 | 227.00 | OK |
Version: 1.6.0
Check: dependencies in R code
Result: NOTE
Namespace in Imports field not imported from: ‘rmarkdown’
All declared Imports should be used.
Flavors: r-devel-linux-x86_64-fedora-clang, r-devel-linux-x86_64-fedora-gcc, r-release-macos-arm64, r-release-macos-x86_64, r-oldrel-macos-arm64, r-oldrel-macos-x86_64