CRAN Package Check Results for Package rdoc

Last updated on 2023-12-04 07:51:15 CET.

Flavor Version Tinstall Tcheck Ttotal Status Flags
r-devel-linux-x86_64-debian-clang 0.1.0 3.93 42.58 46.51 NOTE
r-devel-linux-x86_64-debian-gcc 0.1.0 3.37 33.56 36.93 NOTE
r-devel-linux-x86_64-fedora-clang 0.1.0 56.96 NOTE
r-devel-linux-x86_64-fedora-gcc 0.1.0 54.30 NOTE
r-devel-windows-x86_64 0.1.0 4.00 57.00 61.00 NOTE
r-patched-linux-x86_64 0.1.0 4.57 41.32 45.89 NOTE
r-release-linux-x86_64 0.1.0 3.76 41.09 44.85 NOTE
r-release-macos-arm64 0.1.0 21.00 NOTE
r-release-macos-x86_64 0.1.0 28.00 NOTE
r-release-windows-x86_64 0.1.0 6.00 63.00 69.00 NOTE
r-oldrel-macos-arm64 0.1.0 21.00 NOTE
r-oldrel-macos-x86_64 0.1.0 28.00 NOTE
r-oldrel-windows-x86_64 0.1.0 6.00 64.00 70.00 NOTE

Check Details

Version: 0.1.0
Check: Rd metadata
Result: NOTE Invalid package aliases in Rd file 'rdoc_options.Rd': ‘rdoc_options-package’ Flavors: r-devel-linux-x86_64-debian-clang, r-devel-linux-x86_64-debian-gcc, r-devel-linux-x86_64-fedora-clang, r-devel-linux-x86_64-fedora-gcc, r-devel-windows-x86_64

Version: 0.1.0
Check: LazyData
Result: NOTE 'LazyData' is specified without a 'data' directory Flavors: r-devel-linux-x86_64-debian-clang, r-devel-linux-x86_64-debian-gcc, r-devel-linux-x86_64-fedora-clang, r-devel-linux-x86_64-fedora-gcc, r-devel-windows-x86_64, r-patched-linux-x86_64, r-release-linux-x86_64, r-release-macos-arm64, r-release-macos-x86_64, r-release-windows-x86_64, r-oldrel-macos-arm64, r-oldrel-macos-x86_64, r-oldrel-windows-x86_64

Version: 0.1.0
Check: dependencies in R code
Result: NOTE Namespace in Imports field not imported from: ‘R6’ All declared Imports should be used. Flavors: r-devel-linux-x86_64-fedora-clang, r-devel-linux-x86_64-fedora-gcc, r-oldrel-macos-x86_64