CRAN Package Check Results for Package rdrop2

Last updated on 2020-07-06 01:54:15 CEST.

Flavor Version Tinstall Tcheck Ttotal Status Flags
r-devel-linux-x86_64-debian-clang 0.8.1 2.92 24.30 27.22 OK
r-devel-linux-x86_64-debian-gcc 0.8.1 2.17 19.45 21.62 OK
r-devel-linux-x86_64-fedora-clang 0.8.1 41.11 NOTE
r-devel-linux-x86_64-fedora-gcc 0.8.1 32.07 NOTE
r-devel-windows-ix86+x86_64 0.8.1 12.00 38.00 50.00 OK
r-patched-linux-x86_64 0.8.1 3.01 24.27 27.28 OK
r-patched-solaris-x86 0.8.1 49.20 NOTE
r-release-linux-x86_64 0.8.1 2.98 24.50 27.48 OK
r-release-osx-x86_64 0.8.1 NOTE
r-release-windows-ix86+x86_64 0.8.1 7.00 37.00 44.00 OK
r-oldrel-osx-x86_64 0.8.1 NOTE
r-oldrel-windows-ix86+x86_64 0.8.1 18.00 71.00 89.00 OK

Check Details

Version: 0.8.1
Check: dependencies in R code
Result: NOTE
    Namespace in Imports field not imported from: ‘digest’
     All declared Imports should be used.
Flavors: r-devel-linux-x86_64-fedora-clang, r-devel-linux-x86_64-fedora-gcc, r-patched-solaris-x86, r-release-osx-x86_64, r-oldrel-osx-x86_64