CRAN Package Check Results for Package rdrop2

Last updated on 2021-11-30 01:50:32 CET.

Flavor Version Tinstall Tcheck Ttotal Status Flags
r-devel-linux-x86_64-debian-clang 0.8.2.1 2.83 27.12 29.95 NOTE
r-devel-linux-x86_64-debian-gcc 0.8.2.1 2.21 21.78 23.99 NOTE
r-devel-linux-x86_64-fedora-clang 0.8.2.1 48.73 NOTE
r-devel-linux-x86_64-fedora-gcc 0.8.2.1 36.77 NOTE
r-devel-windows-x86_64-new-UL 0.8.2.1 10.00 64.00 74.00 NOTE
r-devel-windows-x86_64-new-TK 0.8.2.1 NOTE
r-devel-windows-x86_64-old 0.8.2.1 6.00 38.00 44.00 NOTE
r-patched-linux-x86_64 0.8.2.1 1.97 26.71 28.68 NOTE
r-patched-solaris-x86 0.8.2.1 55.10 NOTE
r-release-linux-x86_64 0.8.2.1 2.63 26.33 28.96 NOTE
r-release-macos-arm64 0.8.2.1 NOTE
r-release-macos-x86_64 0.8.2.1 NOTE
r-release-windows-ix86+x86_64 0.8.2.1 7.00 35.00 42.00 NOTE
r-oldrel-macos-x86_64 0.8.2.1 OK
r-oldrel-windows-ix86+x86_64 0.8.2.1 4.00 35.00 39.00 OK

Check Details

Version: 0.8.2.1
Check: LazyData
Result: NOTE
     'LazyData' is specified without a 'data' directory
Flavors: r-devel-linux-x86_64-debian-clang, r-devel-linux-x86_64-debian-gcc, r-devel-linux-x86_64-fedora-clang, r-devel-linux-x86_64-fedora-gcc, r-devel-windows-x86_64-new-UL, r-devel-windows-x86_64-new-TK, r-devel-windows-x86_64-old, r-patched-linux-x86_64, r-patched-solaris-x86, r-release-linux-x86_64, r-release-macos-arm64, r-release-macos-x86_64, r-release-windows-ix86+x86_64