CRAN Package Check Results for Package rdryad

Last updated on 2024-06-13 06:58:15 CEST.

Flavor Version Tinstall Tcheck Ttotal Status Flags
r-devel-linux-x86_64-debian-clang 1.0.0 4.37 46.90 51.27 OK
r-devel-linux-x86_64-debian-gcc 1.0.0 0.31 1.69 2.00 ERROR
r-devel-linux-x86_64-fedora-clang 1.0.0 65.49 OK
r-devel-linux-x86_64-fedora-gcc 1.0.0 61.13 OK
r-devel-windows-x86_64 1.0.0 5.00 62.00 67.00 OK
r-patched-linux-x86_64 1.0.0 4.84 44.96 49.80 OK
r-release-linux-x86_64 1.0.0 4.07 46.22 50.29 OK
r-release-macos-arm64 1.0.0 22.00 OK
r-release-macos-x86_64 1.0.0 34.00 OK
r-release-windows-x86_64 1.0.0 5.00 63.00 68.00 OK
r-oldrel-macos-arm64 1.0.0 24.00 OK
r-oldrel-macos-x86_64 1.0.0 35.00 OK
r-oldrel-windows-x86_64 1.0.0 7.00 66.00 73.00 OK

Check Details

Version: 1.0.0
Check: package dependencies
Result: ERROR Package required but not available: ‘tibble’ Package suggested but not available for checking: ‘testthat’ See section ‘The DESCRIPTION file’ in the ‘Writing R Extensions’ manual. Flavor: r-devel-linux-x86_64-debian-gcc