CRAN Package Check Results for Package readr

Last updated on 2020-02-23 00:48:57 CET.

Flavor Version Tinstall Tcheck Ttotal Status Flags
r-devel-linux-x86_64-debian-clang 1.3.1 251.43 60.74 312.17 NOTE
r-devel-linux-x86_64-debian-gcc 1.3.1 174.77 46.54 221.31 NOTE
r-devel-linux-x86_64-fedora-clang 1.3.1 437.02 NOTE
r-devel-linux-x86_64-fedora-gcc 1.3.1 417.06 NOTE
r-devel-windows-ix86+x86_64 1.3.1 533.00 128.00 661.00 NOTE
r-devel-windows-ix86+x86_64-gcc8 1.3.1 888.00 129.00 1017.00 NOTE
r-patched-linux-x86_64 1.3.1 NOTE
r-patched-solaris-x86 1.3.1 413.00 WARN
r-release-linux-x86_64 1.3.1 214.89 54.00 268.89 NOTE
r-release-windows-ix86+x86_64 1.3.1 552.00 115.00 667.00 NOTE
r-release-osx-x86_64 1.3.1 NOTE
r-oldrel-windows-ix86+x86_64 1.3.1 589.00 106.00 695.00 NOTE
r-oldrel-osx-x86_64 1.3.1 NOTE

Check Details

Version: 1.3.1
Check: for GNU extensions in Makefiles
Result: NOTE
    GNU make is a SystemRequirements.
Flavors: r-devel-linux-x86_64-debian-clang, r-devel-linux-x86_64-debian-gcc, r-devel-linux-x86_64-fedora-clang, r-devel-linux-x86_64-fedora-gcc, r-devel-windows-ix86+x86_64, r-devel-windows-ix86+x86_64-gcc8, r-patched-linux-x86_64, r-patched-solaris-x86, r-release-linux-x86_64, r-release-windows-ix86+x86_64, r-release-osx-x86_64, r-oldrel-windows-ix86+x86_64, r-oldrel-osx-x86_64

Version: 1.3.1
Check: installed package size
Result: NOTE
     installed size is 10.0Mb
     sub-directories of 1Mb or more:
     libs 9.1Mb
Flavor: r-devel-linux-x86_64-fedora-clang

Version: 1.3.1
Check: for unstated dependencies in ‘tests’
Result: WARN
    Warning in deparse(e[[2L]]) :
     it is not known that wchar_t is Unicode on this platform
    Warning in deparse(e[[2L]]) :
     it is not known that wchar_t is Unicode on this platform
    Warning in deparse(e[[2L]]) :
     it is not known that wchar_t is Unicode on this platform
    Warning in deparse(e[[2L]]) :
     it is not known that wchar_t is Unicode on this platform
Flavor: r-patched-solaris-x86