CRAN Package Check Results for Package readsdmx

Last updated on 2022-08-14 01:49:23 CEST.

Flavor Version Tinstall Tcheck Ttotal Status Flags
r-devel-linux-x86_64-debian-clang 0.3.0 21.93 29.93 51.86 NOTE
r-devel-linux-x86_64-debian-gcc 0.3.0 17.59 23.21 40.80 NOTE
r-devel-linux-x86_64-fedora-clang 0.3.0 84.35 NOTE
r-devel-linux-x86_64-fedora-gcc 0.3.0 77.44 NOTE
r-devel-windows-x86_64 0.3.0 28.00 78.00 106.00 NOTE
r-patched-linux-x86_64 0.3.0 20.42 28.63 49.05 NOTE
r-release-linux-x86_64 0.3.0 18.07 29.09 47.16 NOTE
r-release-macos-arm64 0.3.0 23.00 NOTE
r-release-macos-x86_64 0.3.0 30.00 NOTE
r-release-windows-x86_64 0.3.0 30.00 81.00 111.00 NOTE
r-oldrel-macos-arm64 0.3.0 28.00 NOTE
r-oldrel-macos-x86_64 0.3.0 42.00 NOTE
r-oldrel-windows-ix86+x86_64 0.3.0 55.00 77.00 132.00 NOTE

Check Details

Version: 0.3.0
Check: LazyData
Result: NOTE
     'LazyData' is specified without a 'data' directory
Flavors: r-devel-linux-x86_64-debian-clang, r-devel-linux-x86_64-debian-gcc, r-devel-linux-x86_64-fedora-clang, r-devel-linux-x86_64-fedora-gcc, r-devel-windows-x86_64, r-patched-linux-x86_64, r-release-linux-x86_64, r-release-macos-arm64, r-release-macos-x86_64, r-release-windows-x86_64, r-oldrel-macos-arm64, r-oldrel-macos-x86_64, r-oldrel-windows-ix86+x86_64