CRAN Package Check Results for Package readsdmx

Last updated on 2023-01-30 01:53:42 CET.

Flavor Version Tinstall Tcheck Ttotal Status Flags
r-devel-linux-x86_64-debian-clang 0.3.0 22.18 28.96 51.14 NOTE
r-devel-linux-x86_64-debian-gcc 0.3.0 17.75 23.02 40.77 NOTE
r-devel-linux-x86_64-fedora-clang 0.3.0 74.32 NOTE
r-devel-linux-x86_64-fedora-gcc 0.3.0 66.59 NOTE
r-devel-windows-x86_64 0.3.0 33.00 87.00 120.00 NOTE
r-patched-linux-x86_64 0.3.0 20.56 29.04 49.60 NOTE
r-release-linux-x86_64 0.3.0 19.12 29.50 48.62 NOTE
r-release-macos-arm64 0.3.0 23.00 NOTE
r-release-macos-x86_64 0.3.0 30.00 NOTE
r-release-windows-x86_64 0.3.0 38.00 85.00 123.00 NOTE
r-oldrel-macos-arm64 0.3.0 28.00 NOTE
r-oldrel-macos-x86_64 0.3.0 42.00 NOTE
r-oldrel-windows-ix86+x86_64 0.3.0 54.00 82.00 136.00 NOTE

Check Details

Version: 0.3.0
Check: LazyData
Result: NOTE
     'LazyData' is specified without a 'data' directory
Flavors: r-devel-linux-x86_64-debian-clang, r-devel-linux-x86_64-debian-gcc, r-devel-linux-x86_64-fedora-clang, r-devel-linux-x86_64-fedora-gcc, r-devel-windows-x86_64, r-patched-linux-x86_64, r-release-linux-x86_64, r-release-macos-arm64, r-release-macos-x86_64, r-release-windows-x86_64, r-oldrel-macos-arm64, r-oldrel-macos-x86_64, r-oldrel-windows-ix86+x86_64