CRAN Package Check Results for Package readtext

Last updated on 2020-07-04 02:12:32 CEST.

Flavor Version Tinstall Tcheck Ttotal Status Flags
r-devel-linux-x86_64-debian-clang 0.76 5.02 60.46 65.48 OK
r-devel-linux-x86_64-debian-gcc 0.76 4.02 47.24 51.26 OK
r-devel-linux-x86_64-fedora-clang 0.76 85.28 NOTE
r-devel-linux-x86_64-fedora-gcc 0.76 76.44 NOTE
r-devel-windows-ix86+x86_64 0.76 18.00 84.00 102.00 OK
r-patched-linux-x86_64 0.76 5.40 59.94 65.34 OK
r-patched-solaris-x86 0.76 140.40 NOTE
r-release-linux-x86_64 0.76 5.09 59.22 64.31 OK
r-release-osx-x86_64 0.76 NOTE
r-release-windows-ix86+x86_64 0.76 12.00 80.00 92.00 OK
r-oldrel-osx-x86_64 0.76 NOTE
r-oldrel-windows-ix86+x86_64 0.76 38.00 120.00 158.00 OK

Check Details

Version: 0.76
Check: data for non-ASCII characters
Result: NOTE
     Note: found 1 marked Latin-1 string
     Note: found 1 marked UTF-8 string
     Note: found 7 strings marked as "bytes"
Flavors: r-devel-linux-x86_64-fedora-clang, r-devel-linux-x86_64-fedora-gcc, r-patched-solaris-x86, r-release-osx-x86_64, r-oldrel-osx-x86_64