CRAN Package Check Results for Package readxl

Last updated on 2020-11-26 00:48:19 CET.

Flavor Version Tinstall Tcheck Ttotal Status Flags
r-devel-linux-x86_64-debian-clang 1.3.1 68.42 45.20 113.62 OK
r-devel-linux-x86_64-debian-gcc 1.3.1 98.70 38.51 137.21 OK
r-devel-linux-x86_64-fedora-clang 1.3.1 161.82 NOTE
r-devel-linux-x86_64-fedora-gcc 1.3.1 142.93 OK
r-devel-windows-ix86+x86_64 1.3.1 158.00 104.00 262.00 OK
r-patched-linux-x86_64 1.3.1 107.94 45.57 153.51 OK
r-patched-solaris-x86 1.3.1 140.60 OK
r-release-linux-x86_64 1.3.1 118.40 47.73 166.13 OK
r-release-macos-x86_64 1.3.1 OK
r-release-windows-ix86+x86_64 1.3.1 164.00 85.00 249.00 OK
r-oldrel-macos-x86_64 1.3.1 OK
r-oldrel-windows-ix86+x86_64 1.3.1 108.00 96.00 204.00 OK

Check Details

Version: 1.3.1
Check: installed package size
Result: NOTE
     installed size is 5.8Mb
     sub-directories of 1Mb or more:
     libs 4.4Mb
Flavor: r-devel-linux-x86_64-fedora-clang