CRAN Package Check Results for Package rebus

Last updated on 2023-03-23 06:52:32 CET.

Flavor Version Tinstall Tcheck Ttotal Status Flags
r-devel-linux-x86_64-debian-clang 0.1-3 2.70 27.22 29.92 NOTE
r-devel-linux-x86_64-debian-gcc 0.1-3 1.48 21.62 23.10 NOTE
r-devel-linux-x86_64-fedora-clang 0.1-3 38.68 NOTE
r-devel-linux-x86_64-fedora-gcc 0.1-3 36.46 NOTE
r-patched-linux-x86_64 0.1-3 3.61 27.79 31.40 NOTE
r-release-linux-x86_64 0.1-3 2.49 27.54 30.03 NOTE
r-release-macos-arm64 0.1-3 19.00 NOTE
r-release-macos-x86_64 0.1-3 23.00 NOTE
r-release-windows-x86_64 0.1-3 31.00 119.00 150.00 NOTE
r-oldrel-macos-arm64 0.1-3 20.00 NOTE
r-oldrel-macos-x86_64 0.1-3 27.00 NOTE
r-oldrel-windows-ix86+x86_64 0.1-3 7.00 54.00 61.00 NOTE

Check Details

Version: 0.1-3
Check: LazyData
Result: NOTE
     'LazyData' is specified without a 'data' directory
Flavors: r-devel-linux-x86_64-debian-clang, r-devel-linux-x86_64-debian-gcc, r-devel-linux-x86_64-fedora-clang, r-devel-linux-x86_64-fedora-gcc, r-patched-linux-x86_64, r-release-linux-x86_64, r-release-macos-arm64, r-release-macos-x86_64, r-release-windows-x86_64, r-oldrel-macos-arm64, r-oldrel-macos-x86_64, r-oldrel-windows-ix86+x86_64