Last updated on 2023-06-05 07:53:03 CEST.
Flavor | Version | Tinstall | Tcheck | Ttotal | Status | Flags |
---|---|---|---|---|---|---|
r-devel-linux-x86_64-debian-clang | 0.0-1 | 1.73 | 22.86 | 24.59 | NOTE | |
r-devel-linux-x86_64-debian-gcc | 0.0-1 | 1.57 | 18.18 | 19.75 | NOTE | |
r-devel-linux-x86_64-fedora-clang | 0.0-1 | 31.53 | NOTE | |||
r-devel-linux-x86_64-fedora-gcc | 0.0-1 | 30.83 | NOTE | |||
r-devel-windows-x86_64 | 0.0-1 | 3.00 | 41.00 | 44.00 | NOTE | |
r-patched-linux-x86_64 | 0.0-1 | 4.28 | 21.74 | 26.02 | NOTE | |
r-release-linux-x86_64 | 0.0-1 | 1.81 | 22.20 | 24.01 | NOTE | |
r-release-macos-arm64 | 0.0-1 | 18.00 | NOTE | |||
r-release-macos-x86_64 | 0.0-1 | 20.00 | NOTE | |||
r-release-windows-x86_64 | 0.0-1 | 3.00 | 38.00 | 41.00 | NOTE | |
r-oldrel-macos-arm64 | 0.0-1 | 15.00 | NOTE | |||
r-oldrel-macos-x86_64 | 0.0-1 | 22.00 | NOTE | |||
r-oldrel-windows-x86_64 | 0.0-1 | 3.00 | 43.00 | 46.00 | NOTE |
Version: 0.0-1
Check: LazyData
Result: NOTE
'LazyData' is specified without a 'data' directory
Flavors: r-devel-linux-x86_64-debian-clang, r-devel-linux-x86_64-debian-gcc, r-devel-linux-x86_64-fedora-clang, r-devel-linux-x86_64-fedora-gcc, r-devel-windows-x86_64, r-patched-linux-x86_64, r-release-linux-x86_64, r-release-macos-arm64, r-release-macos-x86_64, r-release-windows-x86_64, r-oldrel-macos-arm64, r-oldrel-macos-x86_64, r-oldrel-windows-x86_64