CRAN Package Check Results for Package recipes

Last updated on 2022-12-06 00:51:19 CET.

Flavor Version Tinstall Tcheck Ttotal Status Flags
r-devel-linux-x86_64-debian-clang 1.0.3 31.80 474.71 506.51 OK
r-devel-linux-x86_64-debian-gcc 1.0.3 22.33 352.10 374.43 OK
r-devel-linux-x86_64-fedora-clang 1.0.3 645.15 NOTE
r-devel-linux-x86_64-fedora-gcc 1.0.3 617.11 OK
r-devel-windows-x86_64 1.0.3 227.00 568.00 795.00 OK
r-patched-linux-x86_64 1.0.3 39.65 439.89 479.54 OK
r-release-linux-x86_64 1.0.3 27.00 414.00 441.00 OK
r-release-macos-arm64 1.0.3 190.00 OK
r-release-macos-x86_64 1.0.3 208.00 OK
r-release-windows-x86_64 1.0.3 237.00 510.00 747.00 OK
r-oldrel-macos-arm64 1.0.3 174.00 OK
r-oldrel-macos-x86_64 1.0.3 207.00 OK
r-oldrel-windows-ix86+x86_64 1.0.3 54.00 515.00 569.00 OK

Check Details

Version: 1.0.3
Check: Rd cross-references
Result: NOTE
    Undeclared packages ‘fastICA’, ‘dimRed’ in Rd xrefs
Flavor: r-devel-linux-x86_64-fedora-clang