Last updated on 2023-02-07 00:54:28 CET.
Flavor | Version | Tinstall | Tcheck | Ttotal | Status | Flags |
---|---|---|---|---|---|---|
r-devel-linux-x86_64-debian-clang | 0.2.0 | 27.39 | 70.94 | 98.33 | NOTE | |
r-devel-linux-x86_64-debian-gcc | 0.2.0 | 18.74 | 51.03 | 69.77 | NOTE | |
r-devel-linux-x86_64-fedora-clang | 0.2.0 | 133.90 | NOTE | |||
r-devel-linux-x86_64-fedora-gcc | 0.2.0 | 124.62 | NOTE | |||
r-devel-windows-x86_64 | 0.2.0 | 59.00 | 135.00 | 194.00 | NOTE | |
r-patched-linux-x86_64 | 0.2.0 | 26.04 | 63.94 | 89.98 | OK | |
r-release-linux-x86_64 | 0.2.0 | 19.75 | 61.82 | 81.57 | OK | |
r-release-macos-arm64 | 0.2.0 | 44.00 | OK | |||
r-release-macos-x86_64 | 0.2.0 | 62.00 | OK | |||
r-release-windows-x86_64 | 0.2.0 | 81.00 | 138.00 | 219.00 | OK | |
r-oldrel-macos-arm64 | 0.2.0 | 44.00 | OK | |||
r-oldrel-macos-x86_64 | 0.2.0 | 71.00 | OK | |||
r-oldrel-windows-ix86+x86_64 | 0.2.0 | 66.00 | 181.00 | 247.00 | OK |
Version: 0.2.0
Check: C++ specification
Result: NOTE
Specified C++11: please update to current default of C++17
Flavors: r-devel-linux-x86_64-debian-clang, r-devel-linux-x86_64-debian-gcc, r-devel-linux-x86_64-fedora-clang, r-devel-linux-x86_64-fedora-gcc, r-devel-windows-x86_64
Version: 0.2.0
Check: Rd cross-references
Result: NOTE
Undeclared package ‘snow’ in Rd xrefs
Flavor: r-devel-linux-x86_64-fedora-clang