Last updated on 2023-11-28 07:53:14 CET.
Flavor | Version | Tinstall | Tcheck | Ttotal | Status | Flags |
---|---|---|---|---|---|---|
r-devel-linux-x86_64-debian-clang | 1.0.17 | 24.70 | 164.03 | 188.73 | OK | |
r-devel-linux-x86_64-debian-gcc | 1.0.17 | 20.22 | 122.22 | 142.44 | OK | |
r-devel-linux-x86_64-fedora-clang | 1.0.17 | 238.74 | NOTE | |||
r-devel-linux-x86_64-fedora-gcc | 1.0.17 | 246.28 | NOTE | |||
r-devel-windows-x86_64 | 1.0.17 | 22.00 | 149.00 | 171.00 | OK | |
r-patched-linux-x86_64 | 1.0.17 | 26.34 | 156.52 | 182.86 | OK | |
r-release-linux-x86_64 | 1.0.17 | 24.34 | 153.31 | 177.65 | OK | |
r-release-macos-arm64 | 1.0.17 | 70.00 | OK | |||
r-release-macos-x86_64 | 1.0.17 | 211.00 | OK | |||
r-release-windows-x86_64 | 1.0.17 | 29.00 | 189.00 | 218.00 | OK | |
r-oldrel-macos-arm64 | 1.0.16 | 69.00 | OK | |||
r-oldrel-macos-x86_64 | 1.0.16 | 99.00 | OK | |||
r-oldrel-windows-x86_64 | 1.0.16 | 27.00 | 194.00 | 221.00 | OK |
Version: 1.0.17
Check: data for non-ASCII characters
Result: NOTE
Note: found 1036 marked UTF-8 strings
Flavors: r-devel-linux-x86_64-fedora-clang, r-devel-linux-x86_64-fedora-gcc