CRAN Package Check Results for Package redcapAPI

Last updated on 2020-07-10 01:49:10 CEST.

Flavor Version Tinstall Tcheck Ttotal Status Flags
r-devel-linux-x86_64-debian-clang 2.3 4.48 31.95 36.43 OK
r-devel-linux-x86_64-debian-gcc 2.3 3.94 25.30 29.24 OK
r-devel-linux-x86_64-fedora-clang 2.3 52.58 NOTE
r-devel-linux-x86_64-fedora-gcc 2.3 43.62 NOTE
r-devel-windows-ix86+x86_64 2.3 12.00 44.00 56.00 OK
r-patched-linux-x86_64 2.3 4.80 32.32 37.12 OK
r-patched-solaris-x86 2.3 62.40 NOTE
r-release-linux-x86_64 2.3 4.65 32.60 37.25 OK
r-release-osx-x86_64 2.3 NOTE
r-release-windows-ix86+x86_64 2.3 10.00 45.00 55.00 OK
r-oldrel-osx-x86_64 2.3 NOTE
r-oldrel-windows-ix86+x86_64 2.3 13.00 37.00 50.00 OK

Check Details

Version: 2.3
Check: dependencies in R code
Result: NOTE
    Namespaces in Imports field not imported from:
     ‘DBI’ ‘readr’
     All declared Imports should be used.
Flavors: r-devel-linux-x86_64-fedora-clang, r-devel-linux-x86_64-fedora-gcc, r-patched-solaris-x86, r-release-osx-x86_64, r-oldrel-osx-x86_64