CRAN Package Check Results for Package reddPrec

Last updated on 2021-09-26 01:50:03 CEST.

Flavor Version Tinstall Tcheck Ttotal Status Flags
r-devel-linux-x86_64-debian-clang 0.4.0 7.76 72.40 80.16 NOTE
r-devel-linux-x86_64-debian-gcc 0.4.0 6.12 54.50 60.62 NOTE
r-devel-linux-x86_64-fedora-clang 0.4.0 103.01 NOTE
r-devel-linux-x86_64-fedora-gcc 0.4.0 90.59 NOTE
r-devel-windows-x86_64 0.4.0 8.00 88.00 96.00 OK
r-devel-windows-x86_64-gcc10-UCRT 0.4.0 OK
r-patched-linux-x86_64 0.4.0 6.92 66.98 73.90 NOTE
r-patched-solaris-x86 0.4.0 153.80 NOTE
r-release-linux-x86_64 0.4.0 5.76 67.85 73.61 NOTE
r-release-macos-arm64 0.4.0 OK
r-release-macos-x86_64 0.4.0 OK
r-release-windows-ix86+x86_64 0.4.0 19.00 79.00 98.00 OK
r-oldrel-macos-x86_64 0.4.0 OK
r-oldrel-windows-ix86+x86_64 0.4.0 14.00 89.00 103.00 OK

Check Details

Version: 0.4.0
Check: for non-standard things in the check directory
Result: NOTE
    Found the following files/directories:
     'Filled.RData' 'cleaned.RData' 'days' 'gridded'
Flavors: r-devel-linux-x86_64-debian-clang, r-devel-linux-x86_64-debian-gcc, r-devel-linux-x86_64-fedora-clang, r-devel-linux-x86_64-fedora-gcc, r-patched-linux-x86_64, r-patched-solaris-x86, r-release-linux-x86_64