CRAN Package Check Results for Package redist

Last updated on 2022-09-28 02:51:10 CEST.

Flavor Version Tinstall Tcheck Ttotal Status Flags
r-devel-linux-x86_64-debian-clang 4.0.1 444.52 385.13 829.65 OK
r-devel-linux-x86_64-debian-gcc 4.0.1 360.82 273.81 634.63 OK
r-devel-linux-x86_64-fedora-clang 4.0.1 1260.05 NOTE
r-devel-linux-x86_64-fedora-gcc 4.0.1 1061.63 OK
r-devel-windows-x86_64 4.0.1 370.00 515.00 885.00 NOTE
r-patched-linux-x86_64 4.0.1 275.67 354.94 630.61 OK
r-release-linux-x86_64 4.0.1 296.78 350.89 647.67 OK
r-release-macos-arm64 4.0.1 225.00 NOTE
r-release-macos-x86_64 4.0.1 342.00 NOTE
r-release-windows-x86_64 4.0.1 403.00 482.00 885.00 NOTE
r-oldrel-macos-arm64 4.0.1 207.00 NOTE
r-oldrel-macos-x86_64 4.0.1 346.00 NOTE
r-oldrel-windows-ix86+x86_64 4.0.1 1130.00 633.00 1763.00 NOTE

Check Details

Version: 4.0.1
Check: installed package size
Result: NOTE
     installed size is 5.4Mb
     sub-directories of 1Mb or more:
     data 1.2Mb
     libs 1.4Mb
Flavors: r-devel-linux-x86_64-fedora-clang, r-devel-windows-x86_64, r-release-macos-arm64, r-release-macos-x86_64, r-release-windows-x86_64, r-oldrel-macos-arm64, r-oldrel-macos-x86_64, r-oldrel-windows-ix86+x86_64

Version: 4.0.1
Check: package dependencies
Result: NOTE
    Package suggested but not available for checking: ‘Rmpi’
Flavors: r-release-macos-arm64, r-release-macos-x86_64, r-oldrel-macos-arm64, r-oldrel-macos-x86_64