Last updated on 2023-11-30 08:50:06 CET.
Flavor | Version | Tinstall | Tcheck | Ttotal | Status | Flags |
---|---|---|---|---|---|---|
r-devel-linux-x86_64-debian-clang | 1.0.2 | 121.06 | 90.46 | 211.52 | WARN | |
r-devel-linux-x86_64-debian-gcc | 1.0.2 | 87.09 | 68.31 | 155.40 | NOTE | |
r-devel-linux-x86_64-fedora-clang | 1.0.2 | 283.62 | WARN | |||
r-devel-linux-x86_64-fedora-gcc | 1.0.2 | 291.79 | NOTE | |||
r-devel-windows-x86_64 | 1.0.2 | 99.00 | 117.00 | 216.00 | NOTE | |
r-patched-linux-x86_64 | 1.0.2 | 104.15 | 85.80 | 189.95 | NOTE | |
r-release-linux-x86_64 | 1.0.2 | 103.69 | 86.69 | 190.38 | NOTE | |
r-release-macos-arm64 | 1.0.2 | 85.00 | NOTE | |||
r-release-macos-x86_64 | 1.0.2 | 147.00 | NOTE | |||
r-release-windows-x86_64 | 1.0.2 | 126.00 | 137.00 | 263.00 | NOTE | |
r-oldrel-macos-arm64 | 1.0.2 | 78.00 | OK | |||
r-oldrel-macos-x86_64 | 1.0.2 | 123.00 | OK | |||
r-oldrel-windows-x86_64 | 1.0.2 | 124.00 | 132.00 | 256.00 | OK |
Version: 1.0.2
Check: whether package can be installed
Result: WARN
Found the following significant warnings:
RcppExports.cpp:126:18: warning: format string is not a string literal (potentially insecure) [-Wformat-security]
RcppExports.cpp:161:18: warning: format string is not a string literal (potentially insecure) [-Wformat-security]
RcppExports.cpp:395:18: warning: format string is not a string literal (potentially insecure) [-Wformat-security]
RcppExports.cpp:430:18: warning: format string is not a string literal (potentially insecure) [-Wformat-security]
RcppExports.cpp:464:18: warning: format string is not a string literal (potentially insecure) [-Wformat-security]
RcppExports.cpp:499:18: warning: format string is not a string literal (potentially insecure) [-Wformat-security]
RcppExports.cpp:534:18: warning: format string is not a string literal (potentially insecure) [-Wformat-security]
See ‘/home/hornik/tmp/R.check/r-devel-clang/Work/PKGS/redistmetrics.Rcheck/00install.out’ for details.
* used C++ compiler: ‘Debian clang version 17.0.5 (1)’
Flavor: r-devel-linux-x86_64-debian-clang
Version: 1.0.2
Check: C++ specification
Result: NOTE
Specified C++11: please drop specification unless essential
Flavors: r-devel-linux-x86_64-debian-clang, r-devel-linux-x86_64-debian-gcc, r-devel-linux-x86_64-fedora-clang, r-devel-linux-x86_64-fedora-gcc, r-devel-windows-x86_64, r-patched-linux-x86_64, r-release-linux-x86_64, r-release-macos-arm64, r-release-macos-x86_64, r-release-windows-x86_64
Version: 1.0.2
Check: whether package can be installed
Result: WARN
Found the following significant warnings:
RcppExports.cpp:126:18: warning: format string is not a string literal (potentially insecure) [-Wformat-security]
RcppExports.cpp:161:18: warning: format string is not a string literal (potentially insecure) [-Wformat-security]
RcppExports.cpp:395:18: warning: format string is not a string literal (potentially insecure) [-Wformat-security]
RcppExports.cpp:430:18: warning: format string is not a string literal (potentially insecure) [-Wformat-security]
RcppExports.cpp:464:18: warning: format string is not a string literal (potentially insecure) [-Wformat-security]
RcppExports.cpp:499:18: warning: format string is not a string literal (potentially insecure) [-Wformat-security]
RcppExports.cpp:534:18: warning: format string is not a string literal (potentially insecure) [-Wformat-security]
See ‘/data/gannet/ripley/R/packages/tests-clang/redistmetrics.Rcheck/00install.out’ for details.
* used C++ compiler: ‘clang version 17.0.5’
Flavor: r-devel-linux-x86_64-fedora-clang