Last updated on 2022-06-27 01:50:00 CEST.
Flavor | Version | Tinstall | Tcheck | Ttotal | Status | Flags |
---|---|---|---|---|---|---|
r-devel-linux-x86_64-debian-clang | 0.3.3 | 4.98 | 52.98 | 57.96 | NOTE | |
r-devel-linux-x86_64-debian-gcc | 0.3.3 | 3.44 | 39.88 | 43.32 | NOTE | |
r-devel-linux-x86_64-fedora-clang | 0.3.3 | 80.02 | NOTE | |||
r-devel-linux-x86_64-fedora-gcc | 0.3.3 | 77.32 | NOTE | |||
r-devel-windows-x86_64 | 0.3.3 | 11.00 | 77.00 | 88.00 | NOTE | |
r-patched-linux-x86_64 | 0.3.3 | 5.41 | 49.63 | 55.04 | NOTE | |
r-release-linux-x86_64 | 0.3.3 | 5.28 | 50.02 | 55.30 | NOTE | |
r-release-macos-arm64 | 0.3.3 | 24.00 | NOTE | |||
r-release-macos-x86_64 | 0.3.3 | 43.00 | NOTE | |||
r-release-windows-x86_64 | 0.3.3 | 13.00 | 87.00 | 100.00 | NOTE | |
r-oldrel-macos-arm64 | 0.3.3 | 30.00 | NOTE | |||
r-oldrel-macos-x86_64 | 0.3.3 | 42.00 | NOTE | |||
r-oldrel-windows-ix86+x86_64 | 0.3.3 | 14.00 | 70.00 | 84.00 | NOTE |
Version: 0.3.3
Check: LazyData
Result: NOTE
'LazyData' is specified without a 'data' directory
Flavors: r-devel-linux-x86_64-debian-clang, r-devel-linux-x86_64-debian-gcc, r-devel-linux-x86_64-fedora-clang, r-devel-linux-x86_64-fedora-gcc, r-devel-windows-x86_64, r-patched-linux-x86_64, r-release-linux-x86_64, r-release-macos-arm64, r-release-macos-x86_64, r-release-windows-x86_64, r-oldrel-macos-arm64, r-oldrel-macos-x86_64, r-oldrel-windows-ix86+x86_64