CRAN Package Check Results for Package regDIF

Last updated on 2023-02-02 00:54:56 CET.

Flavor Version Tinstall Tcheck Ttotal Status Flags
r-devel-linux-x86_64-debian-clang 1.1.0 10.62 128.61 139.23 NOTE
r-devel-linux-x86_64-debian-gcc 1.1.0 9.30 89.19 98.49 NOTE
r-devel-linux-x86_64-fedora-clang 1.1.0 168.11 NOTE
r-devel-linux-x86_64-fedora-gcc 1.1.0 191.55 NOTE
r-devel-windows-x86_64 1.1.0 43.00 49.00 92.00 FAIL
r-patched-linux-x86_64 1.1.0 13.86 119.11 132.97 OK
r-release-linux-x86_64 1.1.0 9.75 116.60 126.35 OK
r-release-macos-arm64 1.1.0 47.00 OK
r-release-macos-x86_64 1.1.0 67.00 OK
r-release-windows-x86_64 1.1.0 35.00 172.00 207.00 OK
r-oldrel-macos-arm64 1.1.0 53.00 OK
r-oldrel-macos-x86_64 1.1.0 69.00 OK
r-oldrel-windows-ix86+x86_64 1.1.0 26.00 178.00 204.00 OK

Check Details

Version: 1.1.0
Check: C++ specification
Result: NOTE
     Specified C++11: please update to current default of C++17
Flavors: r-devel-linux-x86_64-debian-clang, r-devel-linux-x86_64-debian-gcc, r-devel-linux-x86_64-fedora-clang, r-devel-linux-x86_64-fedora-gcc, r-devel-windows-x86_64

Version: 1.1.0
Check: Rd contents
Result: FAIL
Flavor: r-devel-windows-x86_64