CRAN Package Check Results for Package regions

Last updated on 2021-04-12 02:47:53 CEST.

Flavor Version Tinstall Tcheck Ttotal Status Flags
r-devel-linux-x86_64-debian-clang 0.1.5 10.07 77.95 88.02 OK
r-devel-linux-x86_64-debian-gcc 0.1.5 7.95 59.20 67.15 OK
r-devel-linux-x86_64-fedora-clang 0.1.5 113.82 NOTE
r-devel-linux-x86_64-fedora-gcc 0.1.5 101.72 NOTE
r-devel-windows-ix86+x86_64 0.1.5 23.00 96.00 119.00 OK
r-devel-windows-x86_64-gcc10-UCRT 0.1.5 NOTE
r-patched-linux-x86_64 0.1.5 9.05 73.84 82.89 OK
r-patched-solaris-x86 0.1.5 158.80 NOTE
r-release-linux-x86_64 0.1.5 8.51 74.01 82.52 OK
r-release-macos-x86_64 0.1.5 NOTE
r-release-windows-ix86+x86_64 0.1.5 21.00 108.00 129.00 OK
r-oldrel-macos-x86_64 0.1.5 NOTE
r-oldrel-windows-ix86+x86_64 0.1.5 13.00 75.00 88.00 OK

Check Details

Version: 0.1.5
Check: dependencies in R code
Result: NOTE
    Namespaces in Imports field not imported from:
     ‘glue’ ‘rlang’ ‘testthat’
     All declared Imports should be used.
Flavors: r-devel-linux-x86_64-fedora-clang, r-devel-linux-x86_64-fedora-gcc, r-devel-windows-x86_64-gcc10-UCRT, r-patched-solaris-x86, r-release-macos-x86_64, r-oldrel-macos-x86_64

Version: 0.1.5
Check: data for non-ASCII characters
Result: NOTE
     Note: found 2 marked Latin-1 strings
     Note: found 50022 marked UTF-8 strings
Flavors: r-devel-linux-x86_64-fedora-clang, r-devel-linux-x86_64-fedora-gcc, r-devel-windows-x86_64-gcc10-UCRT, r-patched-solaris-x86, r-release-macos-x86_64, r-oldrel-macos-x86_64