CRAN Package Check Results for Package regions

Last updated on 2021-01-22 00:49:03 CET.

Flavor Version Tinstall Tcheck Ttotal Status Flags
r-devel-linux-x86_64-debian-clang 0.1.5 8.46 76.36 84.82 OK
r-devel-linux-x86_64-debian-gcc 0.1.5 7.39 58.57 65.96 OK
r-devel-linux-x86_64-fedora-clang 0.1.5 110.07 NOTE
r-devel-linux-x86_64-fedora-gcc 0.1.5 102.65 NOTE
r-devel-windows-ix86+x86_64 0.1.5 21.00 76.00 97.00 OK
r-patched-linux-x86_64 0.1.5 9.27 72.18 81.45 OK
r-patched-solaris-x86 0.1.5 146.40 NOTE
r-release-linux-x86_64 0.1.5 9.44 72.58 82.02 OK
r-release-macos-x86_64 0.1.5 NOTE
r-release-windows-ix86+x86_64 0.1.5 28.00 104.00 132.00 OK
r-oldrel-macos-x86_64 0.1.5 NOTE
r-oldrel-windows-ix86+x86_64 0.1.5 13.00 70.00 83.00 OK

Check Details

Version: 0.1.5
Check: dependencies in R code
Result: NOTE
    Namespaces in Imports field not imported from:
     ‘glue’ ‘rlang’ ‘testthat’
     All declared Imports should be used.
Flavors: r-devel-linux-x86_64-fedora-clang, r-devel-linux-x86_64-fedora-gcc, r-patched-solaris-x86, r-release-macos-x86_64, r-oldrel-macos-x86_64

Version: 0.1.5
Check: data for non-ASCII characters
Result: NOTE
     Note: found 2 marked Latin-1 strings
     Note: found 50022 marked UTF-8 strings
Flavors: r-devel-linux-x86_64-fedora-clang, r-devel-linux-x86_64-fedora-gcc, r-patched-solaris-x86, r-release-macos-x86_64, r-oldrel-macos-x86_64