CRAN Package Check Results for Package registr

Last updated on 2023-06-01 07:57:10 CEST.

Flavor Version Tinstall Tcheck Ttotal Status Flags
r-devel-linux-x86_64-debian-clang 2.1.0 70.37 945.73 1016.10 NOTE
r-devel-linux-x86_64-debian-gcc 2.1.0 54.96 748.29 803.25 NOTE
r-devel-linux-x86_64-fedora-clang 2.1.0 1262.28 NOTE
r-devel-linux-x86_64-fedora-gcc 2.1.0 1245.63 NOTE
r-devel-windows-x86_64 2.1.0 59.00 721.00 780.00 NOTE
r-patched-linux-x86_64 2.1.0 NOTE
r-release-linux-x86_64 2.1.0 52.39 917.71 970.10 NOTE
r-release-macos-arm64 2.1.0 410.00 NOTE
r-release-macos-x86_64 2.1.0 628.00 NOTE
r-release-windows-x86_64 2.1.0 73.00 984.00 1057.00 NOTE
r-oldrel-macos-arm64 2.1.0 314.00 OK
r-oldrel-macos-x86_64 2.1.0 451.00 OK
r-oldrel-windows-x86_64 2.1.0 73.00 1021.00 1094.00 OK

Check Details

Version: 2.1.0
Check: C++ specification
Result: NOTE
     Specified C++11: please drop specification unless essential
Flavors: r-devel-linux-x86_64-debian-clang, r-devel-linux-x86_64-debian-gcc, r-devel-linux-x86_64-fedora-clang, r-devel-linux-x86_64-fedora-gcc, r-devel-windows-x86_64, r-patched-linux-x86_64, r-release-linux-x86_64, r-release-macos-arm64, r-release-macos-x86_64, r-release-windows-x86_64