CRAN Package Check Results for Package rehh

Last updated on 2021-09-21 01:50:30 CEST.

Flavor Version Tinstall Tcheck Ttotal Status Flags
r-devel-linux-x86_64-debian-clang 3.2.2 13.34 200.98 214.32 OK
r-devel-linux-x86_64-debian-gcc 3.2.2 8.11 155.01 163.12 OK
r-devel-linux-x86_64-fedora-clang 3.2.2 252.09 OK
r-devel-linux-x86_64-fedora-gcc 3.2.2 252.64 OK
r-devel-windows-x86_64 3.2.2 17.00 191.00 208.00 OK
r-devel-windows-x86_64-gcc10-UCRT 3.2.2 ERROR
r-patched-linux-x86_64 3.2.2 10.72 205.46 216.18 OK
r-patched-solaris-x86 3.2.2 269.40 OK
r-release-linux-x86_64 3.2.2 9.88 202.05 211.93 OK
r-release-macos-arm64 3.2.2 OK
r-release-macos-x86_64 3.2.2 OK
r-release-windows-ix86+x86_64 3.2.2 32.00 336.00 368.00 OK
r-oldrel-macos-x86_64 3.2.2 OK
r-oldrel-windows-ix86+x86_64 3.2.2 33.00 320.00 353.00 OK

Check Details

Version: 3.2.2
Check: whether package can be installed
Result: ERROR
    Installation failed.
Flavor: r-devel-windows-x86_64-gcc10-UCRT