CRAN Package Check Results for Package relations

Last updated on 2020-07-08 01:49:38 CEST.

Flavor Version Tinstall Tcheck Ttotal Status Flags
r-devel-linux-x86_64-debian-clang 0.6-9 12.33 77.29 89.62 OK
r-devel-linux-x86_64-debian-gcc 0.6-9 9.37 60.03 69.40 OK
r-devel-linux-x86_64-fedora-clang 0.6-9 112.45 NOTE
r-devel-linux-x86_64-fedora-gcc 0.6-9 108.30 NOTE
r-devel-windows-ix86+x86_64 0.6-9 16.00 91.00 107.00 NOTE
r-patched-linux-x86_64 0.6-9 10.18 79.05 89.23 OK
r-patched-solaris-x86 0.6-9 141.90 NOTE
r-release-linux-x86_64 0.6-9 11.19 79.80 90.99 OK
r-release-osx-x86_64 0.6-9 NOTE
r-release-windows-ix86+x86_64 0.6-9 15.00 96.00 111.00 NOTE
r-oldrel-osx-x86_64 0.6-9 NOTE
r-oldrel-windows-ix86+x86_64 0.6-9 16.00 119.00 135.00 NOTE

Check Details

Version: 0.6-9
Check: package dependencies
Result: NOTE
    Package which this enhances but not available for checking: ‘Rcplex’
Flavors: r-devel-linux-x86_64-fedora-clang, r-devel-linux-x86_64-fedora-gcc, r-devel-windows-ix86+x86_64, r-release-windows-ix86+x86_64, r-oldrel-windows-ix86+x86_64

Version: 0.6-9
Check: Rd cross-references
Result: NOTE
    Undeclared package ‘graph’ in Rd xrefs
Flavor: r-devel-linux-x86_64-fedora-clang

Version: 0.6-9
Check: package dependencies
Result: NOTE
    Package suggested but not available for checking: ‘Rsymphony’
    
    Package which this enhances but not available for checking: ‘Rcplex’
Flavors: r-patched-solaris-x86, r-release-osx-x86_64, r-oldrel-osx-x86_64