CRAN Package Check Results for Package relations

Last updated on 2022-08-11 01:49:16 CEST.

Flavor Version Tinstall Tcheck Ttotal Status Flags
r-devel-linux-x86_64-debian-clang 0.6-12 10.86 101.30 112.16 OK
r-devel-linux-x86_64-debian-gcc 0.6-12 8.04 74.14 82.18 OK
r-devel-linux-x86_64-fedora-clang 0.6-12 142.03 NOTE
r-devel-linux-x86_64-fedora-gcc 0.6-12 137.46 NOTE
r-devel-windows-x86_64 0.6-12 147.00 139.00 286.00 NOTE
r-patched-linux-x86_64 0.6-12 12.39 91.68 104.07 OK
r-release-linux-x86_64 0.6-12 OK
r-release-macos-arm64 0.6-12 38.00 NOTE
r-release-macos-x86_64 0.6-12 58.00 NOTE
r-release-windows-x86_64 0.6-12 104.00 132.00 236.00 NOTE
r-oldrel-macos-arm64 0.6-12 39.00 NOTE
r-oldrel-macos-x86_64 0.6-12 59.00 NOTE
r-oldrel-windows-ix86+x86_64 0.6-12 18.00 121.00 139.00 NOTE

Check Details

Version: 0.6-12
Check: package dependencies
Result: NOTE
    Package which this enhances but not available for checking: ‘Rcplex’
Flavors: r-devel-linux-x86_64-fedora-clang, r-devel-linux-x86_64-fedora-gcc, r-devel-windows-x86_64, r-release-macos-x86_64, r-release-windows-x86_64, r-oldrel-macos-arm64, r-oldrel-macos-x86_64, r-oldrel-windows-ix86+x86_64

Version: 0.6-12
Check: Rd cross-references
Result: NOTE
    Undeclared package ‘graph’ in Rd xrefs
Flavor: r-devel-linux-x86_64-fedora-clang

Version: 0.6-12
Check: package dependencies
Result: NOTE
    Package suggested but not available for checking: ‘Rgraphviz’
    
    Package which this enhances but not available for checking: ‘Rcplex’
Flavor: r-release-macos-arm64

Version: 0.6-12
Check: Rd cross-references
Result: NOTE
    Package unavailable to check Rd xrefs: ‘graph’
Flavor: r-release-macos-arm64

Version: 0.6-12
Check: re-building of vignette outputs
Result: NOTE
    Error(s) in re-building vignettes:
    --- re-building ‘relations.Rnw’ using Sweave
    Loading required package: Rgraphviz
    Warning in library(package, lib.loc = lib.loc, character.only = TRUE, logical.return = TRUE, :
     there is no package called ‘Rgraphviz’
    Loading required package: Rgraphviz
    Warning in library(package, lib.loc = lib.loc, character.only = TRUE, logical.return = TRUE, :
     there is no package called ‘Rgraphviz’
    Loading required package: Rgraphviz
    Warning in library(package, lib.loc = lib.loc, character.only = TRUE, logical.return = TRUE, :
     there is no package called ‘Rgraphviz’
    Loading required package: Rgraphviz
    Warning in library(package, lib.loc = lib.loc, character.only = TRUE, logical.return = TRUE, :
     there is no package called ‘Rgraphviz’
    Error: processing vignette 'relations.Rnw' failed with diagnostics:
    Running 'texi2dvi' on 'relations.tex' failed.
    LaTeX errors:
    !pdfTeX error: pdflatex (file /Volumes/Builds/packages/big-sur-arm64/results/4.
    2/relations.Rcheck/vign_test/relations/vignettes/relations-plotfig.pdf): PDF in
    clusion: required page does not exist <0>
     ==> Fatal error occurred, no output PDF file produced!
    --- failed re-building ‘relations.Rnw’
    
    SUMMARY: processing the following file failed:
     ‘relations.Rnw’
    
    Error: Vignette re-building failed.
    Execution halted
Flavor: r-release-macos-arm64