CRAN Package Check Results for Package reldist

Last updated on 2021-09-23 01:49:54 CEST.

Flavor Version Tinstall Tcheck Ttotal Status Flags
r-devel-linux-x86_64-debian-clang 1.6-6 13.69 109.03 122.72 OK
r-devel-linux-x86_64-debian-gcc 1.6-6 10.31 80.40 90.71 OK
r-devel-linux-x86_64-fedora-clang 1.6-6 152.64 OK
r-devel-linux-x86_64-fedora-gcc 1.6-6 140.20 OK
r-devel-windows-x86_64 1.6-6 14.00 103.00 117.00 OK
r-devel-windows-x86_64-gcc10-UCRT 1.6-6 ERROR
r-patched-linux-x86_64 1.6-6 12.31 100.90 113.21 OK
r-patched-solaris-x86 1.6-6 203.70 OK
r-release-linux-x86_64 1.6-6 11.00 100.58 111.58 OK
r-release-macos-arm64 1.6-6 OK
r-release-macos-x86_64 1.6-6 OK
r-release-windows-ix86+x86_64 1.6-6 31.00 93.00 124.00 OK
r-oldrel-macos-x86_64 1.6-6 OK
r-oldrel-windows-ix86+x86_64 1.6-6 20.00 103.00 123.00 OK

Check Details

Version: 1.6-6
Check: package dependencies
Result: ERROR
    Package required but not available: 'Hmisc'
    
    See section 'The DESCRIPTION file' in the 'Writing R Extensions'
    manual.
Flavor: r-devel-windows-x86_64-gcc10-UCRT