CRAN Package Check Results for Package rentrez

Last updated on 2024-07-21 07:57:29 CEST.

Flavor Version Tinstall Tcheck Ttotal Status Flags
r-devel-linux-x86_64-debian-clang 1.2.3 3.59 45.98 49.57 NOTE
r-devel-linux-x86_64-debian-gcc 1.2.3 2.13 34.84 36.97 NOTE
r-devel-linux-x86_64-fedora-clang 1.2.3 66.29 NOTE
r-devel-linux-x86_64-fedora-gcc 1.2.3 72.45 NOTE
r-devel-windows-x86_64 1.2.3 4.00 68.00 72.00 NOTE --no-vignettes
r-patched-linux-x86_64 1.2.3 6.57 42.48 49.05 NOTE
r-release-linux-x86_64 1.2.3 3.86 42.68 46.54 NOTE
r-release-macos-arm64 1.2.3 26.00 NOTE
r-release-macos-x86_64 1.2.3 42.00 NOTE
r-release-windows-x86_64 1.2.3 4.00 70.00 74.00 NOTE --no-vignettes
r-oldrel-macos-arm64 1.2.3 27.00 OK
r-oldrel-macos-x86_64 1.2.3 41.00 OK
r-oldrel-windows-x86_64 1.2.3 5.00 61.00 66.00 OK --no-vignettes

Check Details

Version: 1.2.3
Check: Rd files
Result: NOTE checkRd: (-1) rentrez.Rd:17-21: Lost braces 17 | /enumerated{ | ^ Flavors: r-devel-linux-x86_64-debian-clang, r-devel-linux-x86_64-debian-gcc, r-devel-linux-x86_64-fedora-clang, r-devel-linux-x86_64-fedora-gcc, r-patched-linux-x86_64, r-release-linux-x86_64, r-release-macos-arm64, r-release-macos-x86_64

Version: 1.2.3
Check: Rd cross-references
Result: NOTE Found the following Rd file(s) with Rd \link{} targets missing package anchors: entrez_link.Rd: xmlTreeParse Please provide package anchors for all Rd \link{} targets not in the package itself and the base packages. Flavor: r-devel-linux-x86_64-debian-gcc

Version: 1.2.3
Flags: --no-vignettes
Check: Rd files
Result: NOTE checkRd: (-1) rentrez.Rd:17-21: Lost braces 17 | /enumerated{ | ^ Flavors: r-devel-windows-x86_64, r-release-windows-x86_64

Version: 1.2.3
Flags: --no-vignettes
Check: Rd cross-references
Result: NOTE Found the following Rd file(s) with Rd \link{} targets missing package anchors: entrez_link.Rd: xmlTreeParse Please provide package anchors for all Rd \link{} targets not in the package itself and the base packages. Flavor: r-devel-windows-x86_64