Last updated on 2023-02-08 02:03:24 CET.
Flavor | Version | Tinstall | Tcheck | Ttotal | Status | Flags |
---|---|---|---|---|---|---|
r-devel-linux-x86_64-debian-clang | 1.23.2 | 8.26 | 111.88 | 120.14 | NOTE | |
r-devel-linux-x86_64-debian-gcc | 1.23.2 | 7.97 | 83.04 | 91.01 | NOTE | |
r-devel-linux-x86_64-fedora-clang | 1.23.2 | 155.60 | NOTE | |||
r-devel-linux-x86_64-fedora-gcc | 1.23.2 | 155.71 | NOTE | |||
r-devel-windows-x86_64 | 1.23.2 | 22.00 | 152.00 | 174.00 | NOTE | |
r-patched-linux-x86_64 | 1.23.2 | 5.89 | 106.70 | 112.59 | OK | |
r-release-linux-x86_64 | 1.23.2 | 6.14 | 108.63 | 114.77 | OK | |
r-release-macos-arm64 | 1.23.2 | 51.00 | OK | |||
r-release-macos-x86_64 | 1.23.2 | 80.00 | OK | |||
r-release-windows-x86_64 | 1.23.2 | 18.00 | 161.00 | 179.00 | OK | |
r-oldrel-macos-arm64 | 1.23.2 | 44.00 | OK | |||
r-oldrel-macos-x86_64 | 1.23.2 | 47.00 | OK | |||
r-oldrel-windows-ix86+x86_64 | 1.23.2 | 24.00 | 160.00 | 184.00 | WARN |
Version: 1.23.2
Check: package subdirectories
Result: NOTE
Problems with news in ‘NEWS.md’:
No news entries found.
Flavors: r-devel-linux-x86_64-debian-clang, r-devel-linux-x86_64-debian-gcc, r-devel-linux-x86_64-fedora-clang, r-devel-linux-x86_64-fedora-gcc, r-devel-windows-x86_64
Version: 1.23.2
Check: for unstated dependencies in ‘tests’
Result: WARN
Warning: unable to access index for repository https://bioconductor.org/packages/3.14/bioc/src/contrib:
cannot open URL 'https://bioconductor.org/packages/3.14/bioc/src/contrib/PACKAGES'
Warning: unable to access index for repository https://bioconductor.org/packages/3.14/data/annotation/src/contrib:
cannot open URL 'https://bioconductor.org/packages/3.14/data/annotation/src/contrib/PACKAGES'
Warning: unable to access index for repository https://bioconductor.org/packages/3.14/data/experiment/src/contrib:
cannot open URL 'https://bioconductor.org/packages/3.14/data/experiment/src/contrib/PACKAGES'
Flavor: r-oldrel-windows-ix86+x86_64