CRAN Package Check Results for Package repolr

Last updated on 2020-08-09 01:48:39 CEST.

Flavor Version Tinstall Tcheck Ttotal Status Flags
r-devel-linux-x86_64-debian-clang 3.4 172.88 35.89 208.77 OK
r-devel-linux-x86_64-debian-gcc 3.4 140.72 27.99 168.71 OK
r-devel-linux-x86_64-fedora-clang 3.4 312.33 NOTE
r-devel-linux-x86_64-fedora-gcc 3.4 282.61 NOTE
r-devel-windows-ix86+x86_64 3.4 398.00 105.00 503.00 OK
r-patched-linux-x86_64 3.4 142.10 35.82 177.92 OK
r-patched-solaris-x86 3.4 230.70 OK
r-release-linux-x86_64 3.4 143.13 35.85 178.98 OK
r-release-macos-x86_64 3.4 NOTE
r-release-windows-ix86+x86_64 3.4 389.00 83.00 472.00 OK
r-oldrel-macos-x86_64 3.4 NOTE
r-oldrel-windows-ix86+x86_64 3.4 266.00 96.00 362.00 OK

Check Details

Version: 3.4
Check: installed package size
Result: NOTE
     installed size is 15.8Mb
     sub-directories of 1Mb or more:
     libs 15.6Mb
Flavors: r-devel-linux-x86_64-fedora-clang, r-release-macos-x86_64, r-oldrel-macos-x86_64

Version: 3.4
Check: compiled code
Result: NOTE
    File ‘repolr/libs/repolr.so’:
     Found no calls to: ‘R_registerRoutines’, ‘R_useDynamicSymbols’
    
    It is good practice to register native routines and to disable symbol
    search.
    
    See ‘Writing portable packages’ in the ‘Writing R Extensions’ manual.
Flavors: r-devel-linux-x86_64-fedora-clang, r-devel-linux-x86_64-fedora-gcc