CRAN Package Check Results for Package reportr

Last updated on 2022-01-16 01:07:12 CET.

Flavor Version Tinstall Tcheck Ttotal Status Flags
r-devel-linux-x86_64-debian-clang 1.3.0 1.88 979.44 981.32 ERROR
r-devel-linux-x86_64-debian-gcc 1.3.0 1.56 24.90 26.46 OK
r-devel-linux-x86_64-fedora-clang 1.3.0 41.82 OK
r-devel-linux-x86_64-fedora-gcc 1.3.0 41.74 OK
r-devel-windows-x86_64-new-UL 1.3.0 17.00 53.00 70.00 OK
r-devel-windows-x86_64-new-TK 1.3.0 OK
r-patched-linux-x86_64 1.3.0 3.35 30.36 33.71 OK
r-release-linux-x86_64 1.3.0 2.09 30.55 32.64 OK
r-release-macos-arm64 1.3.0 OK
r-release-macos-x86_64 1.3.0 OK
r-release-windows-ix86+x86_64 1.3.0 6.00 40.00 46.00 OK
r-oldrel-macos-x86_64 1.3.0 OK
r-oldrel-windows-ix86+x86_64 1.3.0 5.00 40.00 45.00 OK

Check Details

Version: 1.3.0
Check: tests
Result: ERROR
     Running 'testthat.R' [16m/18m]
    Running the tests in 'tests/testthat.R' failed.
    Complete output:
     > library(testthat)
     > library(reportr)
     >
     > test_check("reportr")
     == Failed tests ================================================================
     -- Error (test-05-reportr.R:3:1): message reporting works ----------------------
     <nodeStackOverflowError/stackOverflowError/error/condition>
     Error: node stack overflow
    
     [ FAIL 1 | WARN 1391 | SKIP 0 | PASS 19 ]
     Error: Test failures
     Execution halted
Flavor: r-devel-linux-x86_64-debian-clang