CRAN Package Check Results for Package reproducible

Last updated on 2022-06-27 01:50:01 CEST.

Flavor Version Tinstall Tcheck Ttotal Status Flags
r-devel-linux-x86_64-debian-clang 1.2.8 50.46 505.26 555.72 NOTE
r-devel-linux-x86_64-debian-gcc 1.2.8 36.99 382.47 419.46 ERROR
r-devel-linux-x86_64-fedora-clang 1.2.8 635.24 NOTE
r-devel-linux-x86_64-fedora-gcc 1.2.8 647.03 NOTE
r-devel-windows-x86_64 1.2.8 167.00 514.00 681.00 OK
r-patched-linux-x86_64 1.2.8 47.68 475.02 522.70 NOTE
r-release-linux-x86_64 1.2.8 38.36 486.56 524.92 NOTE
r-release-macos-arm64 1.2.8 173.00 OK
r-release-macos-x86_64 1.2.8 231.00 OK
r-release-windows-x86_64 1.2.8 251.00 503.00 754.00 OK
r-oldrel-macos-arm64 1.2.8 112.00 OK
r-oldrel-macos-x86_64 1.2.8 161.00 OK
r-oldrel-windows-ix86+x86_64 1.2.8 89.00 538.00 627.00 OK

Check Details

Version: 1.2.8
Check: package dependencies
Result: NOTE
    Package suggested but not available for checking: 'gdalUtils'
Flavors: r-devel-linux-x86_64-debian-clang, r-devel-linux-x86_64-debian-gcc, r-devel-linux-x86_64-fedora-clang, r-devel-linux-x86_64-fedora-gcc, r-patched-linux-x86_64, r-release-linux-x86_64

Version: 1.2.8
Check: tests
Result: ERROR
     Running ‘test-all.R’ [104s/223s]
    Running the tests in ‘tests/test-all.R’ failed.
    Complete output:
     > library(testthat)
     > test_check("reproducible")
     Loading required package: reproducible
     Writing layer `file34b19c46a5a3e9' to data source
     `/home/hornik/tmp/scratch/RtmpUCb4iv/raster//file34b19c46a5a3e9.shp' using driver `ESRI Shapefile'
     Writing 3 features with 2 fields and geometry type Polygon.
     adding: home/hornik/tmp/scratch/RtmpUCb4iv/Require/tEV3Wr/jaqXoHv.tif (stored 0%)
     adding: home/hornik/tmp/scratch/RtmpUCb4iv/Require/tEV3Wr/pO1OF3Y.grd (stored 0%)
     [ FAIL 1 | WARN 0 | SKIP 77 | PASS 439 ]
    
     ══ Skipped tests ═══════════════════════════════════════════════════════════════
     • No Drive token (6)
     • On CRAN (61)
     • Temporary pipe for magrittr 2.0 (1)
     • empty test (7)
     • isInteractive() is not TRUE (1)
     • test cloudCache inside Cache -- Not fully written test (1)
    
     ══ Failed tests ════════════════════════════════════════════════════════════════
     ── Failure (test-cache.R:164:7): test file-backed raster caching ───────────────
     b1[1] > b2[1] is not TRUE
    
     `actual`: FALSE
     `expected`: TRUE
    
     [ FAIL 1 | WARN 0 | SKIP 77 | PASS 439 ]
     Error: Test failures
     Execution halted
Flavor: r-devel-linux-x86_64-debian-gcc