Last updated on 2023-11-30 08:50:06 CET.
Flavor | Version | Tinstall | Tcheck | Ttotal | Status | Flags |
---|---|---|---|---|---|---|
r-devel-linux-x86_64-debian-clang | 1.0.6 | 23.19 | 454.97 | 478.16 | OK | |
r-devel-linux-x86_64-debian-gcc | 1.0.6 | 23.53 | 331.30 | 354.83 | OK | |
r-devel-linux-x86_64-fedora-clang | 1.0.6 | 598.05 | NOTE | |||
r-devel-linux-x86_64-fedora-gcc | 1.0.6 | 617.51 | OK | |||
r-devel-windows-x86_64 | 1.0.6 | 22.00 | 322.00 | 344.00 | NOTE | |
r-patched-linux-x86_64 | 1.0.6 | 31.27 | 440.06 | 471.33 | OK | |
r-release-linux-x86_64 | 1.0.6 | 25.29 | 441.19 | 466.48 | OK | |
r-release-macos-arm64 | 1.0.6 | 165.00 | NOTE | |||
r-release-macos-x86_64 | 1.0.6 | 418.00 | NOTE | |||
r-release-windows-x86_64 | 1.0.6 | 30.00 | 406.00 | 436.00 | NOTE | |
r-oldrel-macos-arm64 | 1.0.6 | 144.00 | NOTE | |||
r-oldrel-macos-x86_64 | 1.0.6 | 206.00 | NOTE | |||
r-oldrel-windows-x86_64 | 1.0.6 | 32.00 | 386.00 | 418.00 | NOTE |
Version: 1.0.6
Check: installed package size
Result: NOTE
installed size is 5.2Mb
sub-directories of 1Mb or more:
extdata 1.3Mb
java 2.9Mb
Flavors: r-devel-linux-x86_64-fedora-clang, r-devel-windows-x86_64, r-release-macos-arm64, r-release-macos-x86_64, r-release-windows-x86_64, r-oldrel-macos-arm64, r-oldrel-macos-x86_64, r-oldrel-windows-x86_64