CRAN Package Check Results for Package reticulate

Last updated on 2020-02-23 00:48:57 CET.

Flavor Version Tinstall Tcheck Ttotal Status Flags
r-devel-linux-x86_64-debian-clang 1.14 45.27 64.55 109.82 OK
r-devel-linux-x86_64-debian-gcc 1.14 32.53 50.15 82.68 OK
r-devel-linux-x86_64-fedora-clang 1.14 152.79 NOTE
r-devel-linux-x86_64-fedora-gcc 1.14 148.88 NOTE
r-devel-windows-ix86+x86_64 1.14 88.00 115.00 203.00 OK
r-devel-windows-ix86+x86_64-gcc8 1.14 127.00 114.00 241.00 OK
r-patched-linux-x86_64 1.14 OK
r-patched-solaris-x86 1.14 148.10 NOTE
r-release-linux-x86_64 1.14 39.94 58.88 98.82 OK
r-release-windows-ix86+x86_64 1.14 89.00 107.00 196.00 OK
r-release-osx-x86_64 1.14 ERROR
r-oldrel-windows-ix86+x86_64 1.14 98.00 99.00 197.00 OK
r-oldrel-osx-x86_64 1.14 ERROR

Check Details

Version: 1.14
Check: dependencies in R code
Result: NOTE
    Namespace in Imports field not imported from: ‘Matrix’
     All declared Imports should be used.
Flavors: r-devel-linux-x86_64-fedora-clang, r-devel-linux-x86_64-fedora-gcc, r-patched-solaris-x86, r-release-osx-x86_64, r-oldrel-osx-x86_64

Version: 1.14
Check: tests
Result: ERROR
     Running ‘testthat.R’ [8s/9s]
    Running the tests in ‘tests/testthat.R’ failed.
    Last 13 lines of output:
     ── 3. Error: Properties are automatically converted in inherited classes (@test-
     Typea new-style class can't have only classic bases
     Backtrace:
     1. reticulate::PyClass(...)
     2. bt$type(classname, inherit, do.call(reticulate::dict, defs))
     3. reticulate:::py_call_impl(callable, dots$args, dots$keywords)
    
     ══ testthat results ═══════════════════════════════════════════════════════════
     [ OK: 114 | SKIPPED: 42 | WARNINGS: 0 | FAILED: 3 ]
     1. Error: Can inherit from a Python class (@test-python-class.R#57)
     2. Error: Can inherit from multiple Python classes (@test-python-class.R#84)
     3. Error: Properties are automatically converted in inherited classes (@test-python-class.R#166)
    
     Error: testthat unit tests failed
     Execution halted
Flavors: r-release-osx-x86_64, r-oldrel-osx-x86_64