CRAN Package Check Results for Package retistruct

Last updated on 2020-02-20 00:54:24 CET.

Flavor Version Tinstall Tcheck Ttotal Status Flags
r-devel-linux-x86_64-debian-clang 0.6.2 28.71 85.82 114.53 ERROR
r-devel-linux-x86_64-debian-gcc 0.6.2 25.26 91.80 117.06 OK
r-devel-linux-x86_64-fedora-clang 0.6.2 183.10 NOTE
r-devel-linux-x86_64-fedora-gcc 0.6.2 180.24 NOTE
r-devel-windows-ix86+x86_64 0.6.2 45.00 216.00 261.00 OK
r-devel-windows-ix86+x86_64-gcc8 0.6.2 71.00 196.00 267.00 OK
r-patched-linux-x86_64 0.6.2 22.69 112.90 135.59 OK
r-patched-solaris-x86 0.6.2 257.20 NOTE
r-release-linux-x86_64 0.6.2 24.80 112.92 137.72 OK
r-release-windows-ix86+x86_64 0.6.2 48.00 207.00 255.00 OK
r-release-osx-x86_64 0.6.2 WARN
r-oldrel-windows-ix86+x86_64 0.6.2 33.00 198.00 231.00 OK
r-oldrel-osx-x86_64 0.6.2 WARN

Check Details

Version: 0.6.2
Check: tests
Result: ERROR
     Running 'spelling.R' [0s/1s]
     Running 'testthat.R' [19s/21s]
    Running the tests in 'tests/testthat.R' failed.
    Complete output:
     > library(testthat)
     >
     > test_check("retistruct")
     Loading required package: retistruct
     -- 1. Error: IDT format is read correctly (@test-format-idt.R#9) --------------
     non-numeric argument to binary operator
     Backtrace:
     1. retistruct::retistruct.read.markup(r)
    
     -- 2. Error: Reconstruct SMI32 (CSV format) (@test-reconstruct.R#8) -----------
     non-numeric argument to binary operator
     Backtrace:
     1. retistruct::retistruct.read.markup(o)
    
     -- 3. Error: Reconstruct GMB530/R-CONTRA (IDT format) (@test-reconstruct.R#45)
     non-numeric argument to binary operator
     Backtrace:
     1. retistruct::retistruct.read.markup(o)
    
     -- 4. Error: Serialisation works with a particular example (@test-reconstruct.R#
     non-numeric argument to binary operator
     Backtrace:
     1. retistruct::retistruct.read.markup(a, error = message)
    
     -- 5. Error: No regression on Issue #21 (@test-regressions.R#5) ---------------
     non-numeric argument to binary operator
     Backtrace:
     1. retistruct::retistruct.read.markup(a)
    
     == testthat results ===========================================================
     [ OK: 138 | SKIPPED: 0 | WARNINGS: 0 | FAILED: 5 ]
     1. Error: IDT format is read correctly (@test-format-idt.R#9)
     2. Error: Reconstruct SMI32 (CSV format) (@test-reconstruct.R#8)
     3. Error: Reconstruct GMB530/R-CONTRA (IDT format) (@test-reconstruct.R#45)
     4. Error: Serialisation works with a particular example (@test-reconstruct.R#98)
     5. Error: No regression on Issue #21 (@test-regressions.R#5)
    
     Error: testthat unit tests failed
     Execution halted
Flavor: r-devel-linux-x86_64-debian-clang

Version: 0.6.2
Check: dependencies in R code
Result: NOTE
    Namespace in Imports field not imported from: ‘RTriangle’
     All declared Imports should be used.
Flavors: r-devel-linux-x86_64-fedora-clang, r-devel-linux-x86_64-fedora-gcc, r-patched-solaris-x86

Version: 0.6.2
Check: package dependencies
Result: NOTE
    Package suggested but not available for checking: ‘gWidgets2RGtk2’
Flavors: r-release-osx-x86_64, r-oldrel-osx-x86_64

Version: 0.6.2
Check: whether package can be installed
Result: WARN
    Found the following significant warnings:
     Warning: 'rgl_init' failed, running with rgl.useNULL = TRUE
Flavors: r-release-osx-x86_64, r-oldrel-osx-x86_64

Version: 0.6.2
Check: dependencies in R code
Result: NOTE
    No protocol specified
    Namespace in Imports field not imported from: ‘RTriangle’
     All declared Imports should be used.
Flavors: r-release-osx-x86_64, r-oldrel-osx-x86_64

Version: 0.6.2
Check: S3 generic/method consistency
Result: WARN
    No protocol specified
    See section ‘Generic functions and methods’ in the ‘Writing R
    Extensions’ manual.
Flavors: r-release-osx-x86_64, r-oldrel-osx-x86_64

Version: 0.6.2
Check: replacement functions
Result: WARN
    No protocol specified
    The argument of a replacement function which corresponds to the right
    hand side must be named ‘value’.
Flavors: r-release-osx-x86_64, r-oldrel-osx-x86_64

Version: 0.6.2
Check: foreign function calls
Result: NOTE
    No protocol specified
    See chapter ‘System and foreign language interfaces’ in the ‘Writing R
    Extensions’ manual.
Flavors: r-release-osx-x86_64, r-oldrel-osx-x86_64

Version: 0.6.2
Check: R code for possible problems
Result: NOTE
    No protocol specified
Flavors: r-release-osx-x86_64, r-oldrel-osx-x86_64

Version: 0.6.2
Check: for missing documentation entries
Result: WARN
    No protocol specified
    All user-level objects in a package should have documentation entries.
    See chapter ‘Writing R documentation files’ in the ‘Writing R
    Extensions’ manual.
Flavors: r-release-osx-x86_64, r-oldrel-osx-x86_64

Version: 0.6.2
Check: for code/documentation mismatches
Result: WARN
    No protocol specified
    No protocol specified
    No protocol specified
Flavors: r-release-osx-x86_64, r-oldrel-osx-x86_64

Version: 0.6.2
Check: Rd \usage sections
Result: NOTE
    No protocol specified
    The \usage entries for S3 methods should use the \method markup and not
    their full name.
    See chapter ‘Writing R documentation files’ in the ‘Writing R
    Extensions’ manual.
Flavors: r-release-osx-x86_64, r-oldrel-osx-x86_64