CRAN Package Check Results for Package retractcheck

Last updated on 2022-06-30 01:49:17 CEST.

Flavor Version Tinstall Tcheck Ttotal Status Flags
r-devel-linux-x86_64-debian-clang 1.0.0 2.22 21.86 24.08 NOTE
r-devel-linux-x86_64-debian-gcc 1.0.0 1.72 17.07 18.79 NOTE
r-devel-linux-x86_64-fedora-clang 1.0.0 40.55 NOTE
r-devel-linux-x86_64-fedora-gcc 1.0.0 40.69 NOTE
r-devel-windows-x86_64 1.0.0 15.00 46.00 61.00 NOTE
r-patched-linux-x86_64 1.0.0 1.66 21.53 23.19 NOTE
r-release-linux-x86_64 1.0.0 2.40 21.92 24.32 NOTE
r-release-macos-arm64 1.0.0 15.00 NOTE
r-release-macos-x86_64 1.0.0 22.00 NOTE
r-release-windows-x86_64 1.0.0 22.00 47.00 69.00 NOTE
r-oldrel-macos-arm64 1.0.0 19.00 NOTE
r-oldrel-macos-x86_64 1.0.0 23.00 NOTE
r-oldrel-windows-ix86+x86_64 1.0.0 7.00 40.00 47.00 NOTE

Check Details

Version: 1.0.0
Check: LazyData
Result: NOTE
     'LazyData' is specified without a 'data' directory
Flavors: r-devel-linux-x86_64-debian-clang, r-devel-linux-x86_64-debian-gcc, r-devel-linux-x86_64-fedora-clang, r-devel-linux-x86_64-fedora-gcc, r-devel-windows-x86_64, r-patched-linux-x86_64, r-release-linux-x86_64, r-release-macos-arm64, r-release-macos-x86_64, r-release-windows-x86_64, r-oldrel-macos-arm64, r-oldrel-macos-x86_64, r-oldrel-windows-ix86+x86_64