CRAN Package Check Results for Package reweight

Last updated on 2020-11-26 00:48:19 CET.

Flavor Version Tinstall Tcheck Ttotal Status Flags
r-devel-linux-x86_64-debian-clang 1.2.1 2.46 51.65 54.11 NOTE
r-devel-linux-x86_64-debian-gcc 1.2.1 1.95 41.66 43.61 NOTE
r-devel-linux-x86_64-fedora-clang 1.2.1 71.95 NOTE
r-devel-linux-x86_64-fedora-gcc 1.2.1 61.51 NOTE
r-devel-windows-ix86+x86_64 1.2.1 4.00 69.00 73.00 NOTE
r-patched-linux-x86_64 1.2.1 2.69 48.83 51.52 NOTE
r-patched-solaris-x86 1.2.1 82.10 NOTE
r-release-linux-x86_64 1.2.1 2.40 55.04 57.44 NOTE
r-release-macos-x86_64 1.2.1 NOTE
r-release-windows-ix86+x86_64 1.2.1 3.00 56.00 59.00 NOTE
r-oldrel-macos-x86_64 1.2.1 NOTE
r-oldrel-windows-ix86+x86_64 1.2.1 4.00 74.00 78.00 NOTE

Check Details

Version: 1.2.1
Check: R code for possible problems
Result: NOTE
    plot.reweight: no visible global function definition for 'par'
    plot.reweight: no visible global function definition for 'density'
    plot.reweight: no visible global function definition for 'rug'
    reweight: no visible global function definition for 'aggregate'
    search.best.h: no visible global function definition for 'quantile'
    Undefined global functions or variables:
     aggregate density par quantile rug
    Consider adding
     importFrom("graphics", "par", "rug")
     importFrom("stats", "aggregate", "density", "quantile")
    to your NAMESPACE file.
Flavors: r-devel-linux-x86_64-debian-clang, r-devel-linux-x86_64-debian-gcc, r-devel-linux-x86_64-fedora-clang, r-devel-linux-x86_64-fedora-gcc, r-devel-windows-ix86+x86_64, r-patched-linux-x86_64, r-patched-solaris-x86, r-release-linux-x86_64, r-release-macos-x86_64, r-release-windows-ix86+x86_64

Version: 1.2.1
Check: R code for possible problems
Result: NOTE
    plot.reweight: no visible global function definition for ‘par’
    plot.reweight: no visible global function definition for ‘plot’
    plot.reweight: no visible global function definition for ‘density’
    plot.reweight: no visible global function definition for ‘rug’
    reweight: no visible global function definition for ‘aggregate’
    search.best.h: no visible global function definition for ‘quantile’
    Undefined global functions or variables:
     aggregate density par plot quantile rug
    Consider adding
     importFrom("graphics", "par", "plot", "rug")
     importFrom("stats", "aggregate", "density", "quantile")
    to your NAMESPACE file.
Flavors: r-oldrel-macos-x86_64, r-oldrel-windows-ix86+x86_64