CRAN Package Check Results for Package rex

Last updated on 2020-03-30 02:48:42 CEST.

Flavor Version Tinstall Tcheck Ttotal Status Flags
r-devel-linux-x86_64-debian-clang 1.1.2 OK
r-devel-linux-x86_64-debian-gcc 1.1.2 2.15 24.33 26.48 OK
r-devel-linux-x86_64-fedora-clang 1.1.2 40.86 OK
r-devel-linux-x86_64-fedora-gcc 1.1.2 39.66 OK
r-devel-windows-ix86+x86_64 1.1.2 6.00 44.00 50.00 OK
r-devel-windows-ix86+x86_64-gcc8 1.1.2 7.00 45.00 52.00 OK
r-patched-linux-x86_64 1.1.2 2.73 30.41 33.14 OK
r-patched-solaris-x86 1.1.2 61.80 OK
r-release-linux-x86_64 1.1.2 2.09 29.08 31.17 OK
r-release-windows-ix86+x86_64 1.1.2 8.00 66.00 74.00 OK
r-release-osx-x86_64 1.1.2 WARN
r-oldrel-windows-ix86+x86_64 1.1.2 7.00 56.00 63.00 OK
r-oldrel-osx-x86_64 1.1.2 OK

Check Details

Version: 1.1.2
Check: re-building of vignette outputs
Result: WARN
    Error(s) in re-building vignettes:
     ...
    --- re-building ‘log_parsing.Rmd’ using rmarkdown
    Warning in engine$weave(file, quiet = quiet, encoding = enc) :
     Pandoc (>= 1.12.3) and/or pandoc-citeproc not available. Falling back to R Markdown v1.
    Read 1000 items
    `stat_bin()` using `bins = 30`. Pick better value with `binwidth`.
    --- finished re-building ‘log_parsing.Rmd’
    
    --- re-building ‘url_parsing.Rmd’ using rmarkdown
    Warning in engine$weave(file, quiet = quiet, encoding = enc) :
     Pandoc (>= 1.12.3) and/or pandoc-citeproc not available. Falling back to R Markdown v1.
    Error: processing vignette 'url_parsing.Rmd' failed with diagnostics:
    there is no package called 'stringi'
    --- failed re-building ‘url_parsing.Rmd’
    
    SUMMARY: processing the following file failed:
     ‘url_parsing.Rmd’
    
    Error: Vignette re-building failed.
    Execution halted
Flavor: r-release-osx-x86_64