Last updated on 2023-02-06 00:52:41 CET.
Flavor | Version | Tinstall | Tcheck | Ttotal | Status | Flags |
---|---|---|---|---|---|---|
r-devel-linux-x86_64-debian-clang | 1.0.3 | 12.95 | 153.64 | 166.59 | OK | |
r-devel-linux-x86_64-debian-gcc | 1.0.3 | 10.51 | 110.58 | 121.09 | OK | |
r-devel-linux-x86_64-fedora-clang | 1.0.3 | 197.44 | NOTE | |||
r-devel-linux-x86_64-fedora-gcc | 1.0.3 | 200.78 | NOTE | |||
r-devel-windows-x86_64 | 1.0.3 | 25.00 | 183.00 | 208.00 | OK | |
r-patched-linux-x86_64 | 1.0.3 | 12.40 | 142.16 | 154.56 | OK | |
r-release-linux-x86_64 | 1.0.3 | 12.18 | 145.37 | 157.55 | OK | |
r-release-macos-arm64 | 1.0.3 | 48.00 | NOTE | |||
r-release-macos-x86_64 | 1.0.3 | 77.00 | NOTE | |||
r-release-windows-x86_64 | 1.0.3 | 34.00 | 201.00 | 235.00 | OK | |
r-oldrel-macos-arm64 | 1.0.3 | 50.00 | NOTE | |||
r-oldrel-macos-x86_64 | 1.0.3 | 72.00 | NOTE | |||
r-oldrel-windows-ix86+x86_64 | 1.0.3 | 29.00 | 183.00 | 212.00 | OK |
Version: 1.0.3
Check: dependencies in R code
Result: NOTE
Namespace in Imports field not imported from: ‘titanic’
All declared Imports should be used.
Flavors: r-devel-linux-x86_64-fedora-clang, r-devel-linux-x86_64-fedora-gcc, r-release-macos-arm64, r-release-macos-x86_64, r-oldrel-macos-arm64, r-oldrel-macos-x86_64