Last updated on 2023-12-06 07:50:26 CET.
Flavor | Version | Tinstall | Tcheck | Ttotal | Status | Flags |
---|---|---|---|---|---|---|
r-devel-linux-x86_64-debian-clang | 0.3.0 | 14.71 | 638.29 | 653.00 | OK | |
r-devel-linux-x86_64-debian-gcc | 0.3.0 | 12.01 | 516.35 | 528.36 | OK | |
r-devel-linux-x86_64-fedora-clang | 0.3.0 | 645.80 | NOTE | |||
r-devel-linux-x86_64-fedora-gcc | 0.3.0 | 773.82 | NOTE | |||
r-devel-windows-x86_64 | 0.3.0 | 15.00 | 525.00 | 540.00 | OK | |
r-patched-linux-x86_64 | 0.3.0 | 9.43 | 625.56 | 634.99 | OK | |
r-release-linux-x86_64 | 0.3.0 | 9.58 | 608.53 | 618.11 | OK | |
r-release-macos-arm64 | 0.3.0 | 351.00 | OK | |||
r-release-macos-x86_64 | 0.3.0 | 756.00 | OK | |||
r-release-windows-x86_64 | 0.3.0 | 22.00 | 667.00 | 689.00 | OK | |
r-oldrel-macos-arm64 | 0.3.0 | 321.00 | OK | |||
r-oldrel-macos-x86_64 | 0.3.0 | 461.00 | OK | |||
r-oldrel-windows-x86_64 | 0.3.0 | 22.00 | 647.00 | 669.00 | OK |
Version: 0.3.0
Check: data for non-ASCII characters
Result: NOTE
Note: found 806 marked UTF-8 strings
Flavors: r-devel-linux-x86_64-fedora-clang, r-devel-linux-x86_64-fedora-gcc