Last updated on 2022-07-03 01:49:03 CEST.
Flavor | Version | Tinstall | Tcheck | Ttotal | Status | Flags |
---|---|---|---|---|---|---|
r-devel-linux-x86_64-debian-clang | 0.1.0 | 6.95 | 60.13 | 67.08 | NOTE | |
r-devel-linux-x86_64-debian-gcc | 0.1.0 | 5.35 | 44.15 | 49.50 | NOTE | |
r-devel-linux-x86_64-fedora-clang | 0.1.0 | 88.42 | NOTE | |||
r-devel-linux-x86_64-fedora-gcc | 0.1.0 | 84.93 | NOTE | |||
r-devel-windows-x86_64 | 0.1.0 | 22.00 | 79.00 | 101.00 | NOTE | |
r-patched-linux-x86_64 | 0.1.0 | 4.24 | 55.03 | 59.27 | NOTE | |
r-release-linux-x86_64 | 0.1.0 | 3.92 | 54.85 | 58.77 | NOTE | |
r-release-macos-arm64 | 0.1.0 | 23.00 | NOTE | |||
r-release-macos-x86_64 | 0.1.0 | 44.00 | NOTE | |||
r-release-windows-x86_64 | 0.1.0 | 16.00 | 80.00 | 96.00 | NOTE | |
r-oldrel-macos-arm64 | 0.1.0 | 29.00 | NOTE | |||
r-oldrel-macos-x86_64 | 0.1.0 | 34.00 | NOTE | |||
r-oldrel-windows-ix86+x86_64 | 0.1.0 | 16.00 | 74.00 | 90.00 | NOTE |
Version: 0.1.0
Check: LazyData
Result: NOTE
'LazyData' is specified without a 'data' directory
Flavors: r-devel-linux-x86_64-debian-clang, r-devel-linux-x86_64-debian-gcc, r-devel-linux-x86_64-fedora-clang, r-devel-linux-x86_64-fedora-gcc, r-devel-windows-x86_64, r-patched-linux-x86_64, r-release-linux-x86_64, r-release-macos-arm64, r-release-macos-x86_64, r-release-windows-x86_64, r-oldrel-macos-arm64, r-oldrel-macos-x86_64, r-oldrel-windows-ix86+x86_64