CRAN Package Check Results for Package rflexscan

Last updated on 2020-10-01 01:48:49 CEST.

Flavor Version Tinstall Tcheck Ttotal Status Flags
r-devel-linux-x86_64-debian-clang 0.3.1 21.80 40.69 62.49 OK
r-devel-linux-x86_64-debian-gcc 0.3.1 18.15 31.92 50.07 OK
r-devel-linux-x86_64-fedora-clang 0.3.1 89.87 NOTE
r-devel-linux-x86_64-fedora-gcc 0.3.1 78.79 NOTE
r-devel-windows-ix86+x86_64 0.3.1 55.00 71.00 126.00 OK
r-patched-linux-x86_64 0.3.1 22.33 38.51 60.84 OK
r-patched-solaris-x86 0.3.1 101.50 NOTE
r-release-linux-x86_64 0.3.1 23.40 38.40 61.80 OK
r-release-macos-x86_64 0.3.1 NOTE
r-release-windows-ix86+x86_64 0.3.1 55.00 101.00 156.00 OK
r-oldrel-macos-x86_64 0.3.1 NOTE
r-oldrel-windows-ix86+x86_64 0.3.1 50.00 86.00 136.00 OK

Check Details

Version: 0.3.1
Check: dependencies in R code
Result: NOTE
    Namespace in Imports field not imported from: ‘rgdal’
     All declared Imports should be used.
Flavors: r-devel-linux-x86_64-fedora-clang, r-devel-linux-x86_64-fedora-gcc, r-patched-solaris-x86, r-release-macos-x86_64, r-oldrel-macos-x86_64