CRAN Package Check Results for Package rflexscan

Last updated on 2020-02-22 00:54:56 CET.

Flavor Version Tinstall Tcheck Ttotal Status Flags
r-devel-linux-x86_64-debian-clang 0.2.0 20.11 38.34 58.45 OK
r-devel-linux-x86_64-debian-gcc 0.2.0 15.72 30.32 46.04 OK
r-devel-linux-x86_64-fedora-clang 0.2.0 78.85 NOTE
r-devel-linux-x86_64-fedora-gcc 0.2.0 75.08 NOTE
r-devel-windows-ix86+x86_64 0.2.0 44.00 81.00 125.00 OK
r-devel-windows-ix86+x86_64-gcc8 0.2.0 62.00 80.00 142.00 OK
r-patched-linux-x86_64 0.2.0 OK
r-patched-solaris-x86 0.2.0 92.20 NOTE
r-release-linux-x86_64 0.2.0 17.35 35.22 52.57 OK
r-release-windows-ix86+x86_64 0.2.0 37.00 71.00 108.00 OK
r-release-osx-x86_64 0.2.0 NOTE
r-oldrel-windows-ix86+x86_64 0.2.0 39.00 71.00 110.00 OK
r-oldrel-osx-x86_64 0.2.0 NOTE

Check Details

Version: 0.2.0
Check: dependencies in R code
Result: NOTE
    Namespace in Imports field not imported from: ‘rgdal’
     All declared Imports should be used.
Flavors: r-devel-linux-x86_64-fedora-clang, r-devel-linux-x86_64-fedora-gcc, r-patched-solaris-x86, r-release-osx-x86_64, r-oldrel-osx-x86_64