CRAN Package Check Results for Package rflexscan

Last updated on 2019-12-07 00:53:46 CET.

Flavor Version Tinstall Tcheck Ttotal Status Flags
r-devel-linux-x86_64-debian-clang 0.2.0 23.74 36.50 60.24 OK
r-devel-linux-x86_64-debian-gcc 0.2.0 16.98 28.37 45.35 OK
r-devel-linux-x86_64-fedora-clang 0.2.0 71.75 NOTE
r-devel-linux-x86_64-fedora-gcc 0.2.0 69.64 NOTE
r-devel-windows-ix86+x86_64 0.2.0 43.00 106.00 149.00 OK
r-devel-windows-ix86+x86_64-gcc8 0.2.0 61.00 99.00 160.00 OK
r-patched-linux-x86_64 0.2.0 15.57 33.12 48.69 OK
r-patched-solaris-x86 0.2.0 97.80 NOTE
r-release-linux-x86_64 0.2.0 17.27 33.78 51.05 OK
r-release-windows-ix86+x86_64 0.2.0 47.00 75.00 122.00 OK
r-release-osx-x86_64 0.2.0 NOTE
r-oldrel-windows-ix86+x86_64 0.2.0 28.00 88.00 116.00 OK
r-oldrel-osx-x86_64 0.2.0 NOTE

Check Details

Version: 0.2.0
Check: dependencies in R code
Result: NOTE
    Namespace in Imports field not imported from: ‘rgdal’
     All declared Imports should be used.
Flavors: r-devel-linux-x86_64-fedora-clang, r-devel-linux-x86_64-fedora-gcc, r-patched-solaris-x86, r-release-osx-x86_64, r-oldrel-osx-x86_64