CRAN Package Check Results for Package rflights

Last updated on 2020-04-08 01:49:08 CEST.

Flavor Version Tinstall Tcheck Ttotal Status Flags
r-devel-linux-x86_64-debian-clang 0.1.103 1.87 25.72 27.59 OK
r-devel-linux-x86_64-debian-gcc 0.1.103 1.62 20.77 22.39 OK
r-devel-linux-x86_64-fedora-clang 0.1.103 34.39 NOTE
r-devel-linux-x86_64-fedora-gcc 0.1.103 34.62 NOTE
r-devel-windows-ix86+x86_64 0.1.103 5.00 70.00 75.00 OK
r-devel-windows-ix86+x86_64-gcc8 0.1.103 6.00 45.00 51.00 OK
r-patched-linux-x86_64 0.1.103 1.92 26.12 28.04 OK
r-patched-solaris-x86 0.1.103 56.40 NOTE
r-release-linux-x86_64 0.1.103 1.66 23.84 25.50 OK
r-release-windows-ix86+x86_64 0.1.103 5.00 55.00 60.00 OK
r-release-osx-x86_64 0.1.103 NOTE
r-oldrel-windows-ix86+x86_64 0.1.103 4.00 43.00 47.00 OK
r-oldrel-osx-x86_64 0.1.103 NOTE

Check Details

Version: 0.1.103
Check: data for non-ASCII characters
Result: NOTE
     Note: found 5 marked UTF-8 strings
Flavors: r-devel-linux-x86_64-fedora-clang, r-devel-linux-x86_64-fedora-gcc, r-patched-solaris-x86, r-release-osx-x86_64, r-oldrel-osx-x86_64