CRAN Package Check Results for Package rgdal

Last updated on 2020-01-21 00:54:54 CET.

Flavor Version Tinstall Tcheck Ttotal Status Flags
r-devel-linux-x86_64-debian-clang 1.4-8 33.63 88.45 122.08 OK
r-devel-linux-x86_64-debian-gcc 1.4-8 21.37 70.64 92.01 OK
r-devel-linux-x86_64-fedora-clang 1.4-8 152.73 OK
r-devel-linux-x86_64-fedora-gcc 1.4-8 148.54 OK
r-devel-windows-ix86+x86_64 1.4-8 178.00 416.00 594.00 NOTE
r-devel-windows-ix86+x86_64-gcc8 1.4-8 127.00 445.00 572.00 NOTE
r-patched-linux-x86_64 1.4-8 25.83 83.84 109.67 OK
r-patched-solaris-x86 1.4-8 162.70 OK
r-release-linux-x86_64 1.4-8 25.96 81.01 106.97 OK
r-release-windows-ix86+x86_64 1.4-8 174.00 487.00 661.00 NOTE
r-release-osx-x86_64 1.4-8 NOTE
r-oldrel-windows-ix86+x86_64 1.4-8 135.00 482.00 617.00 NOTE
r-oldrel-osx-x86_64 1.4-8 NOTE

Check Details

Version: 1.4-8
Check: installed package size
Result: NOTE
     installed size is 80.3Mb
     sub-directories of 1Mb or more:
     gdal 3.9Mb
     libs 68.7Mb
     pictures 1.3Mb
     proj 5.0Mb
Flavors: r-devel-windows-ix86+x86_64, r-devel-windows-ix86+x86_64-gcc8, r-release-windows-ix86+x86_64, r-release-osx-x86_64, r-oldrel-windows-ix86+x86_64, r-oldrel-osx-x86_64