CRAN Package Check Results for Package rgdal

Last updated on 2020-08-15 02:11:08 CEST.

Flavor Version Tinstall Tcheck Ttotal Status Flags
r-devel-linux-x86_64-debian-clang 1.5-16 45.30 114.43 159.73 OK
r-devel-linux-x86_64-debian-gcc 1.5-16 33.67 90.17 123.84 OK
r-devel-linux-x86_64-fedora-clang 1.5-16 217.44 NOTE
r-devel-linux-x86_64-fedora-gcc 1.5-16 199.68 OK
r-devel-windows-ix86+x86_64 1.5-16 173.00 549.00 722.00 NOTE
r-patched-linux-x86_64 1.5-16 31.99 113.95 145.94 OK
r-patched-solaris-x86 1.5-16 219.00 NOTE
r-release-linux-x86_64 1.5-16 34.24 114.14 148.38 OK
r-release-macos-x86_64 1.5-16 NOTE
r-release-windows-ix86+x86_64 1.5-16 164.00 541.00 705.00 NOTE
r-oldrel-macos-x86_64 1.5-16 NOTE
r-oldrel-windows-ix86+x86_64 1.5-16 109.00 469.00 578.00 NOTE

Check Details

Version: 1.5-16
Check: installed package size
Result: NOTE
     installed size is 7.9Mb
     sub-directories of 1Mb or more:
     doc 3.3Mb
     pictures 1.3Mb
Flavors: r-devel-linux-x86_64-fedora-clang, r-devel-windows-ix86+x86_64, r-patched-solaris-x86, r-release-macos-x86_64, r-release-windows-ix86+x86_64, r-oldrel-macos-x86_64, r-oldrel-windows-ix86+x86_64