CRAN Package Check Results for Package rgdax

Last updated on 2021-06-24 01:50:33 CEST.

Flavor Version Tinstall Tcheck Ttotal Status Flags
r-devel-linux-x86_64-debian-clang 1.0.0 3.18 33.78 36.96 NOTE
r-devel-linux-x86_64-debian-gcc 1.0.0 2.70 26.36 29.06 NOTE
r-devel-linux-x86_64-fedora-clang 1.0.0 53.75 NOTE
r-devel-linux-x86_64-fedora-gcc 1.0.0 42.60 NOTE
r-devel-windows-x86_64 1.0.0 5.00 44.00 49.00 NOTE
r-devel-windows-x86_64-gcc10-UCRT 1.0.0 ERROR
r-patched-linux-x86_64 1.0.0 3.57 31.95 35.52 NOTE
r-patched-solaris-x86 1.0.0 67.30 NOTE
r-release-linux-x86_64 1.0.0 3.11 31.73 34.84 NOTE
r-release-macos-arm64 1.0.0 NOTE
r-release-macos-x86_64 1.0.0 NOTE
r-release-windows-ix86+x86_64 1.0.0 6.00 38.00 44.00 NOTE
r-oldrel-macos-x86_64 1.0.0 OK

Check Details

Version: 1.0.0
Check: LazyData
Result: NOTE
     'LazyData' is specified without a 'data' directory
Flavors: r-devel-linux-x86_64-debian-clang, r-devel-linux-x86_64-debian-gcc, r-devel-linux-x86_64-fedora-clang, r-devel-linux-x86_64-fedora-gcc, r-devel-windows-x86_64, r-patched-linux-x86_64, r-patched-solaris-x86, r-release-linux-x86_64, r-release-macos-arm64, r-release-macos-x86_64, r-release-windows-ix86+x86_64

Version: 1.0.0
Check: package dependencies
Result: ERROR
    Package required but not available: 'httr'
    
    See section 'The DESCRIPTION file' in the 'Writing R Extensions'
    manual.
Flavor: r-devel-windows-x86_64-gcc10-UCRT