CRAN Package Check Results for Package rgenoud

Last updated on 2021-03-02 00:47:36 CET.

Flavor Version Tinstall Tcheck Ttotal Status Flags
r-devel-linux-x86_64-debian-clang 5.8-3.0 NOTE
r-devel-linux-x86_64-debian-gcc 5.8-3.0 8.08 48.40 56.48 NOTE
r-devel-linux-x86_64-fedora-clang 5.8-3.0 97.14 NOTE
r-devel-linux-x86_64-fedora-gcc 5.8-3.0 87.02 NOTE
r-devel-windows-ix86+x86_64 5.8-3.0 28.00 103.00 131.00 NOTE
r-patched-linux-x86_64 5.8-3.0 9.23 61.71 70.94 NOTE
r-patched-solaris-x86 5.8-3.0 119.60 NOTE
r-release-linux-x86_64 5.8-3.0 10.75 58.48 69.23 NOTE
r-release-macos-x86_64 5.8-3.0 NOTE
r-release-windows-ix86+x86_64 5.8-3.0 29.00 10.00 39.00 ERROR
r-oldrel-macos-x86_64 5.8-3.0 NOTE
r-oldrel-windows-ix86+x86_64 5.8-3.0 24.00 135.00 159.00 NOTE

Additional issues

clang-UBSAN gcc-UBSAN

Check Details

Version: 5.8-3.0
Check: R code for possible problems
Result: NOTE
    genoud: multiple local function definitions for 'fn1.bfgs' with
     different formal arguments
    genoud: multiple local function definitions for 'gr1' with different
     formal arguments
    genoud: multiple local function definitions for 'hess.fn' with
     different formal arguments
    genoud_transform: multiple local function definitions for 'fn1.bfgs'
     with different formal arguments
    genoud_transform: multiple local function definitions for 'gr1' with
     different formal arguments
Flavors: r-devel-linux-x86_64-debian-clang, r-devel-linux-x86_64-debian-gcc, r-devel-linux-x86_64-fedora-clang, r-devel-linux-x86_64-fedora-gcc, r-devel-windows-ix86+x86_64, r-patched-linux-x86_64, r-patched-solaris-x86, r-release-linux-x86_64, r-release-macos-x86_64, r-oldrel-macos-x86_64, r-oldrel-windows-ix86+x86_64

Version: 5.8-3.0
Check: Rd cross-references
Result: NOTE
    Undeclared package ‘Matching’ in Rd xrefs
Flavor: r-devel-linux-x86_64-fedora-clang

Version: 5.8-3.0
Check: whether package can be installed
Result: ERROR
    Installation failed.
Flavor: r-release-windows-ix86+x86_64