Last updated on 2023-02-07 00:54:28 CET.
Flavor | Version | Tinstall | Tcheck | Ttotal | Status | Flags |
---|---|---|---|---|---|---|
r-devel-linux-x86_64-debian-clang | 0.0.10-2 | 331.00 | 52.32 | 383.32 | OK | |
r-devel-linux-x86_64-debian-gcc | 0.0.10-2 | 275.69 | 45.92 | 321.61 | OK | |
r-devel-linux-x86_64-fedora-clang | 0.0.10-2 | 579.00 | OK | |||
r-devel-linux-x86_64-fedora-gcc | 0.0.10-2 | 525.89 | OK | |||
r-devel-windows-x86_64 | 0.0.10-2 | 488.00 | 151.00 | 639.00 | OK | |
r-patched-linux-x86_64 | 0.0.10-2 | 291.94 | 54.32 | 346.26 | OK | |
r-release-linux-x86_64 | 0.0.10-2 | 278.46 | 54.85 | 333.31 | OK | |
r-release-macos-arm64 | 0.0.10-2 | 126.00 | NOTE | |||
r-release-macos-x86_64 | 0.0.10-2 | 156.00 | NOTE | |||
r-release-windows-x86_64 | 0.0.10-2 | 322.00 | 118.00 | 440.00 | OK | |
r-oldrel-macos-arm64 | 0.0.10-2 | 119.00 | NOTE | |||
r-oldrel-macos-x86_64 | 0.0.10-2 | 162.00 | NOTE | |||
r-oldrel-windows-ix86+x86_64 | 0.0.10-2 | 783.00 | 128.00 | 911.00 | NOTE |
Version: 0.0.10-2
Check: installed package size
Result: NOTE
installed size is 30.7Mb
sub-directories of 1Mb or more:
libs 29.5Mb
Flavors: r-release-macos-arm64, r-release-macos-x86_64, r-oldrel-macos-arm64, r-oldrel-macos-x86_64, r-oldrel-windows-ix86+x86_64