CRAN Package Check Results for Package rgeoprofile

Last updated on 2021-04-20 01:47:18 CEST.

Flavor Version Tinstall Tcheck Ttotal Status Flags
r-devel-linux-x86_64-debian-clang 0.2.1 9.87 91.01 100.88 OK
r-devel-linux-x86_64-debian-gcc 0.2.1 7.98 69.46 77.44 OK
r-devel-linux-x86_64-fedora-clang 0.2.1 127.84 NOTE
r-devel-linux-x86_64-fedora-gcc 0.2.1 117.19 NOTE
r-devel-windows-ix86+x86_64 0.2.1 13.00 87.00 100.00 OK
r-devel-windows-x86_64-gcc10-UCRT 0.2.1 NOTE
r-patched-linux-x86_64 0.2.1 8.83 85.26 94.09 OK
r-patched-solaris-x86 0.2.1 166.40 WARN
r-release-linux-x86_64 0.2.1 9.71 85.03 94.74 OK
r-release-macos-x86_64 0.2.1 WARN
r-release-windows-ix86+x86_64 0.2.1 24.00 95.00 119.00 OK
r-oldrel-macos-x86_64 0.2.1 WARN
r-oldrel-windows-ix86+x86_64 0.2.1 13.00 108.00 121.00 OK

Check Details

Version: 0.2.1
Check: dependencies in R code
Result: NOTE
    Namespaces in Imports field not imported from:
     ‘leaflet’ ‘pals’ ‘raster’ ‘sp’
     All declared Imports should be used.
Flavors: r-devel-linux-x86_64-fedora-clang, r-devel-linux-x86_64-fedora-gcc, r-devel-windows-x86_64-gcc10-UCRT, r-patched-solaris-x86, r-release-macos-x86_64, r-oldrel-macos-x86_64

Version: 0.2.1
Check: re-building of vignette outputs
Result: WARN
    Error(s) in re-building vignettes:
     ...
    --- re-building ‘rgeoprofile.Rmd’ using rmarkdown
    Warning in engine$weave(file, quiet = quiet, encoding = enc) :
     Pandoc (>= 1.12.3) not available. Falling back to R Markdown v1.
    Quitting from lines 141-142 (rgeoprofile.Rmd)
    Error: processing vignette 'rgeoprofile.Rmd' failed with diagnostics:
    subscript out of bounds
    --- failed re-building ‘rgeoprofile.Rmd’
    
    SUMMARY: processing the following file failed:
     ‘rgeoprofile.Rmd’
    
    Error: Vignette re-building failed.
    Execution halted
Flavor: r-patched-solaris-x86

Version: 0.2.1
Check: re-building of vignette outputs
Result: WARN
    Error(s) in re-building vignettes:
     ...
    --- re-building ‘rgeoprofile.Rmd’ using rmarkdown
    Warning in engine$weave(file, quiet = quiet, encoding = enc) :
     Pandoc (>= 1.12.3) and/or pandoc-citeproc not available. Falling back to R Markdown v1.
    Quitting from lines 141-142 (rgeoprofile.Rmd)
    Error: processing vignette 'rgeoprofile.Rmd' failed with diagnostics:
    invalid 'path' argument
    --- failed re-building ‘rgeoprofile.Rmd’
    
    SUMMARY: processing the following file failed:
     ‘rgeoprofile.Rmd’
    
    Error: Vignette re-building failed.
    Execution halted
Flavors: r-release-macos-x86_64, r-oldrel-macos-x86_64