CRAN Package Check Results for Package rgeos

Last updated on 2019-12-15 01:50:36 CET.

Flavor Version Tinstall Tcheck Ttotal Status Flags
r-devel-linux-x86_64-debian-clang 0.5-2 16.21 61.10 77.31 OK
r-devel-linux-x86_64-debian-gcc 0.5-2 11.77 48.23 60.00 OK
r-devel-linux-x86_64-fedora-clang 0.5-2 92.53 OK
r-devel-linux-x86_64-fedora-gcc 0.5-2 96.93 OK
r-devel-windows-ix86+x86_64 0.5-2 83.00 157.00 240.00 OK
r-devel-windows-ix86+x86_64-gcc8 0.5-2 78.00 165.00 243.00 OK
r-patched-linux-x86_64 0.5-2 11.37 55.30 66.67 OK
r-patched-solaris-x86 0.5-2 109.80 OK
r-release-linux-x86_64 0.5-2 13.38 54.90 68.28 OK
r-release-windows-ix86+x86_64 0.5-2 75.00 112.00 187.00 OK
r-release-osx-x86_64 0.5-2 NOTE
r-oldrel-windows-ix86+x86_64 0.5-2 69.00 107.00 176.00 OK
r-oldrel-osx-x86_64 0.5-2 NOTE

Check Details

Version: 0.5-2
Check: installed package size
Result: NOTE
     installed size is 21.7Mb
     sub-directories of 1Mb or more:
     libs 20.9Mb
Flavors: r-release-osx-x86_64, r-oldrel-osx-x86_64