CRAN Package Check Results for Package rgeos

Last updated on 2020-09-19 00:50:15 CEST.

Flavor Version Tinstall Tcheck Ttotal Status Flags
r-devel-linux-x86_64-debian-clang 0.5-5 17.83 61.88 79.71 OK
r-devel-linux-x86_64-debian-gcc 0.5-5 13.44 47.32 60.76 OK
r-devel-linux-x86_64-fedora-clang 0.5-5 104.87 OK
r-devel-linux-x86_64-fedora-gcc 0.5-5 95.30 OK
r-devel-windows-ix86+x86_64 0.5-5 61.00 116.00 177.00 NOTE
r-patched-linux-x86_64 0.5-5 15.11 61.22 76.33 OK
r-patched-solaris-x86 0.5-5 119.80 OK
r-release-linux-x86_64 0.5-5 14.23 61.65 75.88 OK
r-release-macos-x86_64 0.5-5 NOTE
r-release-windows-ix86+x86_64 0.5-5 60.00 108.00 168.00 NOTE
r-oldrel-macos-x86_64 0.5-5 NOTE
r-oldrel-windows-ix86+x86_64 0.5-5 45.00 134.00 179.00 OK

Check Details

Version: 0.5-5
Check: installed package size
Result: NOTE
     installed size is 5.1Mb
     sub-directories of 1Mb or more:
     libs 4.2Mb
Flavors: r-devel-windows-ix86+x86_64, r-release-macos-x86_64, r-release-windows-ix86+x86_64, r-oldrel-macos-x86_64