CRAN Package Check Results for Package rgeos

Last updated on 2020-07-15 02:47:04 CEST.

Flavor Version Tinstall Tcheck Ttotal Status Flags
r-devel-linux-x86_64-debian-clang 0.5-3 15.82 63.16 78.98 OK
r-devel-linux-x86_64-debian-gcc 0.5-3 12.92 48.92 61.84 OK
r-devel-linux-x86_64-fedora-clang 0.5-3 104.44 OK
r-devel-linux-x86_64-fedora-gcc 0.5-3 98.21 OK
r-devel-windows-ix86+x86_64 0.5-3 73.00 118.00 191.00 NOTE
r-patched-linux-x86_64 0.5-3 14.42 62.45 76.87 OK
r-patched-solaris-x86 0.5-3 124.50 OK
r-release-linux-x86_64 0.5-3 14.20 62.30 76.50 OK
r-release-macos-x86_64 0.5-3 ERROR
r-release-windows-ix86+x86_64 0.5-3 69.00 117.00 186.00 NOTE
r-oldrel-macos-x86_64 0.5-3 NOTE
r-oldrel-windows-ix86+x86_64 0.5-3 75.00 149.00 224.00 OK

Check Details

Version: 0.5-3
Check: installed package size
Result: NOTE
     installed size is 5.1Mb
     sub-directories of 1Mb or more:
     libs 4.2Mb
Flavors: r-devel-windows-ix86+x86_64, r-release-windows-ix86+x86_64, r-oldrel-macos-x86_64

Version: 0.5-3
Check: whether package can be installed
Result: ERROR
    Installation failed.
Flavor: r-release-macos-x86_64