CRAN Package Check Results for Package rgl

Last updated on 2021-10-20 01:48:55 CEST.

Flavor Version Tinstall Tcheck Ttotal Status Flags
r-devel-linux-x86_64-debian-clang 0.107.14 100.26 181.14 281.40 NOTE
r-devel-linux-x86_64-debian-gcc 0.107.14 65.29 134.94 200.23 NOTE
r-devel-linux-x86_64-fedora-clang 0.107.14 411.86 NOTE
r-devel-linux-x86_64-fedora-gcc 0.107.14 339.84 NOTE
r-devel-windows-x86_64 0.107.14 209.00 185.00 394.00 NOTE
r-devel-windows-x86_64-gcc10-UCRT 0.107.14 NOTE
r-patched-linux-x86_64 0.107.14 93.56 186.77 280.33 NOTE
r-patched-solaris-x86 0.107.14 436.90 NOTE
r-release-linux-x86_64 0.107.14 78.40 183.13 261.53 NOTE
r-release-macos-arm64 0.107.14 NOTE
r-release-macos-x86_64 0.107.14 WARN
r-release-windows-ix86+x86_64 0.107.14 265.00 303.00 568.00 NOTE
r-oldrel-macos-x86_64 0.107.14 WARN
r-oldrel-windows-ix86+x86_64 0.107.14 353.00 315.00 668.00 ERROR

Additional issues

M1mac rchk

Check Details

Version: 0.107.14
Check: package dependencies
Result: NOTE
    Package suggested but not available for checking: 'webshot2'
Flavors: r-devel-linux-x86_64-debian-clang, r-devel-linux-x86_64-debian-gcc, r-devel-linux-x86_64-fedora-clang, r-devel-linux-x86_64-fedora-gcc, r-devel-windows-x86_64, r-devel-windows-x86_64-gcc10-UCRT, r-patched-linux-x86_64, r-release-linux-x86_64, r-release-macos-arm64, r-release-macos-x86_64, r-release-windows-ix86+x86_64, r-oldrel-macos-x86_64, r-oldrel-windows-ix86+x86_64

Version: 0.107.14
Check: installed package size
Result: NOTE
     installed size is 9.9Mb
     sub-directories of 1Mb or more:
     doc 1.7Mb
     fonts 1.5Mb
     libs 2.5Mb
     useNULL 1.8Mb
Flavors: r-devel-linux-x86_64-fedora-clang, r-devel-windows-x86_64, r-patched-solaris-x86, r-release-macos-arm64, r-release-macos-x86_64, r-release-windows-ix86+x86_64, r-oldrel-macos-x86_64, r-oldrel-windows-ix86+x86_64

Version: 0.107.14
Check: re-building of vignette outputs
Result: WARN
    Error(s) in re-building vignettes:
     ...
    sh: line 1: 27811 Abort trap: 6 '/Library/Frameworks/R.framework/Resources/bin/R' --vanilla --no-echo > '/Volumes/Temp/tmp/RtmpzxryXz/file6c225fa3bfd' 2>&1 < '/Volumes/Temp/tmp/RtmpzxryXz/file6c226f78621b'
    --- re-building ‘WebGL.Rmd’ using rmarkdown
    Warning in engine$weave(file, quiet = quiet, encoding = enc) :
     Pandoc (>= 1.12.3) not available. Falling back to R Markdown v1.
    --- re-building ‘pkgdown.Rmd’ using rmarkdown
    Warning in engine$weave(file, quiet = quiet, encoding = enc) :
     Pandoc (>= 1.12.3) not available. Falling back to R Markdown v1.
    --- finished re-building ‘pkgdown.Rmd’
    
    sh: line 1: 27878 Abort trap: 6 '/Library/Frameworks/R.framework/Resources/bin/R' --vanilla --no-echo > '/Volumes/Temp/tmp/RtmpzxryXz/file6c2257d15eb9' 2>&1 < '/Volumes/Temp/tmp/RtmpzxryXz/file6c2272a1f0b9'
    --- re-building ‘rgl.Rmd’ using rmarkdown
    Warning in engine$weave(file, quiet = quiet, encoding = enc) :
     Pandoc (>= 1.12.3) not available. Falling back to R Markdown v1.
    --- re-building ‘transparency.Rmd’ using rmarkdown
    Warning in engine$weave(file, quiet = quiet, encoding = enc) :
     Pandoc (>= 1.12.3) not available. Falling back to R Markdown v1.
    --- finished re-building ‘transparency.Rmd’
    
    SUMMARY: processing the following files failed:
     ‘WebGL.Rmd’ ‘rgl.Rmd’
    
    Error: Vignette re-building failed.
    Execution halted
Flavor: r-release-macos-x86_64

Version: 0.107.14
Check: re-building of vignette outputs
Result: WARN
    Error(s) in re-building vignettes:
     ...
    sh: line 1: 96880 Abort trap: 6 '/Library/Frameworks/R.framework/Resources/bin/R' --vanilla --no-echo > '/Volumes/Temp/tmp/Rtmpo2mgVb/file17a2a1a83f50b' 2>&1 < '/Volumes/Temp/tmp/Rtmpo2mgVb/file17a2a4d4cb2c6'
    --- re-building ‘WebGL.Rmd’ using rmarkdown
    Warning in engine$weave(file, quiet = quiet, encoding = enc) :
     Pandoc (>= 1.12.3) not available. Falling back to R Markdown v1.
    --- re-building ‘pkgdown.Rmd’ using rmarkdown
    Warning in engine$weave(file, quiet = quiet, encoding = enc) :
     Pandoc (>= 1.12.3) not available. Falling back to R Markdown v1.
    --- finished re-building ‘pkgdown.Rmd’
    
    sh: line 1: 96954 Abort trap: 6 '/Library/Frameworks/R.framework/Resources/bin/R' --vanilla --no-echo > '/Volumes/Temp/tmp/Rtmpo2mgVb/file17a2add317b4' 2>&1 < '/Volumes/Temp/tmp/Rtmpo2mgVb/file17a2a1db93183'
    --- re-building ‘rgl.Rmd’ using rmarkdown
    Warning in engine$weave(file, quiet = quiet, encoding = enc) :
     Pandoc (>= 1.12.3) not available. Falling back to R Markdown v1.
    --- re-building ‘transparency.Rmd’ using rmarkdown
    Warning in engine$weave(file, quiet = quiet, encoding = enc) :
     Pandoc (>= 1.12.3) not available. Falling back to R Markdown v1.
    --- finished re-building ‘transparency.Rmd’
    
    SUMMARY: processing the following files failed:
     ‘WebGL.Rmd’ ‘rgl.Rmd’
    
    Error: Vignette re-building failed.
    Execution halted
Flavor: r-oldrel-macos-x86_64

Version: 0.107.14
Check: running examples for arch ‘i386’
Result: ERROR
    Running examples in 'rgl-Ex.R' failed
    The error most likely occurred in:
    
    > ### Name: plot3d.formula
    > ### Title: Methods for formulas
    > ### Aliases: plot3d.formula persp3d.formula
    >
    > ### ** Examples
    >
    > open3d()
    wgl
     63
    > mfrow3d(1, 2, sharedMouse = TRUE)
    > plot3d(mpg ~ wt + qsec, data = mtcars)
    > if (requireNamespace("deldir", quietly = TRUE))
    + persp3d(mpg ~ wt + qsec, data = mtcars)
    Error in digOutz(z1, znm, x) : Object z = z not found.
    Calls: persp3d ... with.default -> eval -> eval -> <Anonymous> -> digOutz
    Execution halted
Flavor: r-oldrel-windows-ix86+x86_64

Version: 0.107.14
Check: running examples for arch ‘x64’
Result: ERROR
    Running examples in 'rgl-Ex.R' failed
    The error most likely occurred in:
    
    > ### Name: plot3d.formula
    > ### Title: Methods for formulas
    > ### Aliases: plot3d.formula persp3d.formula
    >
    > ### ** Examples
    >
    > open3d()
    wgl
     63
    > mfrow3d(1, 2, sharedMouse = TRUE)
    > plot3d(mpg ~ wt + qsec, data = mtcars)
    > if (requireNamespace("deldir", quietly = TRUE))
    + persp3d(mpg ~ wt + qsec, data = mtcars)
    Error in digOutz(z1, znm, x) : Object z = z not found.
    Calls: persp3d ... with.default -> eval -> eval -> <Anonymous> -> digOutz
    Execution halted
Flavor: r-oldrel-windows-ix86+x86_64