Last updated on 2022-06-30 01:49:18 CEST.
Flavor | Version | Tinstall | Tcheck | Ttotal | Status | Flags |
---|---|---|---|---|---|---|
r-devel-linux-x86_64-debian-clang | 1.1.3 | 5.32 | 369.76 | 375.08 | NOTE | |
r-devel-linux-x86_64-debian-gcc | 1.1.3 | 5.21 | 265.20 | 270.41 | NOTE | |
r-devel-linux-x86_64-fedora-clang | 1.1.3 | 448.46 | NOTE | |||
r-devel-linux-x86_64-fedora-gcc | 1.1.3 | 445.08 | NOTE | |||
r-devel-windows-x86_64 | 1.1.3 | 21.00 | 452.00 | 473.00 | NOTE | |
r-patched-linux-x86_64 | 1.1.3 | 6.28 | 360.97 | 367.25 | NOTE | |
r-release-linux-x86_64 | 1.1.3 | 4.84 | 357.93 | 362.77 | NOTE | |
r-release-macos-arm64 | 1.1.3 | 213.00 | NOTE | |||
r-release-macos-x86_64 | 1.1.3 | 310.00 | NOTE | |||
r-release-windows-x86_64 | 1.1.3 | 32.00 | 454.00 | 486.00 | NOTE | |
r-oldrel-macos-arm64 | 1.1.3 | 310.00 | NOTE | |||
r-oldrel-macos-x86_64 | 1.1.3 | 230.00 | NOTE | |||
r-oldrel-windows-ix86+x86_64 | 1.1.3 | 17.00 | 532.00 | 549.00 | NOTE |
Version: 1.1.3
Check: LazyData
Result: NOTE
'LazyData' is specified without a 'data' directory
Flavors: r-devel-linux-x86_64-debian-clang, r-devel-linux-x86_64-debian-gcc, r-devel-linux-x86_64-fedora-clang, r-devel-linux-x86_64-fedora-gcc, r-devel-windows-x86_64, r-patched-linux-x86_64, r-release-linux-x86_64, r-release-macos-arm64, r-release-macos-x86_64, r-release-windows-x86_64, r-oldrel-macos-arm64, r-oldrel-macos-x86_64, r-oldrel-windows-ix86+x86_64