CRAN Package Check Results for Package rhosa

Last updated on 2021-12-03 00:48:54 CET.

Flavor Version Tinstall Tcheck Ttotal Status Flags
r-devel-linux-x86_64-debian-clang 0.1.0 2.54 198.88 201.42 NOTE
r-devel-linux-x86_64-debian-gcc 0.1.0 2.27 134.49 136.76 NOTE
r-devel-linux-x86_64-fedora-clang 0.1.0 239.68 NOTE
r-devel-linux-x86_64-fedora-gcc 0.1.0 238.92 NOTE
r-devel-windows-x86_64-new-UL 0.1.0 8.00 258.00 266.00 NOTE
r-devel-windows-x86_64-new-TK 0.1.0 NOTE
r-devel-windows-x86_64-old 0.1.0 5.00 167.00 172.00 NOTE
r-patched-linux-x86_64 0.1.0 3.17 186.80 189.97 NOTE
r-patched-solaris-x86 0.1.0 68.10 NOTE
r-release-linux-x86_64 0.1.0 2.53 191.62 194.15 NOTE
r-release-macos-arm64 0.1.0 NOTE
r-release-macos-x86_64 0.1.0 NOTE
r-release-windows-ix86+x86_64 0.1.0 6.00 238.00 244.00 NOTE
r-oldrel-macos-x86_64 0.1.0 OK
r-oldrel-windows-ix86+x86_64 0.1.0 6.00 231.00 237.00 OK

Check Details

Version: 0.1.0
Check: LazyData
Result: NOTE
     'LazyData' is specified without a 'data' directory
Flavors: r-devel-linux-x86_64-debian-clang, r-devel-linux-x86_64-debian-gcc, r-devel-linux-x86_64-fedora-clang, r-devel-linux-x86_64-fedora-gcc, r-devel-windows-x86_64-new-UL, r-devel-windows-x86_64-new-TK, r-devel-windows-x86_64-old, r-patched-linux-x86_64, r-patched-solaris-x86, r-release-linux-x86_64, r-release-macos-arm64, r-release-macos-x86_64, r-release-windows-ix86+x86_64