CRAN Package Check Results for Package riskRegression

Last updated on 2021-09-26 01:50:03 CEST.

Flavor Version Tinstall Tcheck Ttotal Status Flags
r-devel-linux-x86_64-debian-clang 2020.12.08 248.43 517.94 766.37 OK
r-devel-linux-x86_64-debian-gcc 2020.12.08 157.72 366.02 523.74 OK
r-devel-linux-x86_64-fedora-clang 2020.12.08 946.46 NOTE
r-devel-linux-x86_64-fedora-gcc 2020.12.08 947.86 OK
r-devel-windows-x86_64 2020.12.08 219.00 460.00 679.00 OK
r-devel-windows-x86_64-gcc10-UCRT 2020.12.08 OK
r-patched-linux-x86_64 2020.12.08 205.10 471.08 676.18 OK
r-patched-solaris-x86 2020.12.08 939.60 OK
r-release-linux-x86_64 2020.12.08 197.60 476.09 673.69 OK
r-release-macos-arm64 2020.12.08 NOTE
r-release-macos-x86_64 2020.12.08 NOTE
r-release-windows-ix86+x86_64 2020.12.08 543.00 740.00 1283.00 OK
r-oldrel-macos-x86_64 2020.12.08 NOTE
r-oldrel-windows-ix86+x86_64 2020.12.08 393.00 726.00 1119.00 OK

Check Details

Version: 2020.12.08
Check: installed package size
Result: NOTE
     installed size is 9.0Mb
     sub-directories of 1Mb or more:
     libs 7.5Mb
Flavors: r-devel-linux-x86_64-fedora-clang, r-release-macos-arm64, r-release-macos-x86_64, r-oldrel-macos-x86_64